{"id":120,"date":"2017-09-14T16:31:27","date_gmt":"2017-09-14T14:31:27","guid":{"rendered":"http:\/\/vilco.brussels\/?page_id=120"},"modified":"2017-11-03T14:10:02","modified_gmt":"2017-11-03T13:10:02","slug":"vilco-la-methode","status":"publish","type":"page","link":"http:\/\/vilco.brussels\/?page_id=120","title":{"rendered":"VILCO, les living labs"},"content":{"rendered":"<h3>&lsquo;Living Labs&rsquo;, K\u00e9sako ?<\/h3>\n<p>Voici un petit rappel de ce que l&rsquo;on entend par &lsquo;Living Lab&rsquo; (source : Wikip\u00e9dia).\u00a0\u00ab\u00a0Un Living Lab regroupe des acteurs publics, priv\u00e9s, des entreprises, des associations, des acteurs individuels, dans l\u2019objectif de tester \u00ab grandeur nature \u00bb des services, des outils ou des usages nouveaux. Il s\u2019agit de sortir la recherche des laboratoires pour la faire descendre dans la vie de tous les jours, en ayant souvent une vue strat\u00e9gique sur les usages potentiels de ces technologies. Tout cela se passe en coop\u00e9ration entre des collectivit\u00e9s locales, des entreprises, des laboratoires de recherche, ainsi que des utilisateurs potentiels. Il s&rsquo;agit de favoriser l&rsquo;innovation ouverte, partager les r\u00e9seaux et impliquer les utilisateurs d\u00e8s le d\u00e9but de la conception.\u00a0\u00bb<\/p>\n<h3>Les &lsquo;Living Labs&rsquo; de VILCO en 5 \u00e9tapes<\/h3>\n<p>L&rsquo;\u00e9quipe VILCO propose un projet de m\u00e9thodologie en 5 \u00e9tapes qui s&rsquo;\u00e9tale sur un peu plus de deux ans.\u00a0Sur base de cette proposition, les modalit\u00e9s de recherche seront co-construites avec les initiatives citoyennes et les communes participant \u00e0 l&rsquo;\u00e9tude.<\/p>\n<p>&nbsp;<\/p>\n<p><img loading=\"lazy\" class=\"wp-image-324 size-large aligncenter\" src=\"http:\/\/vilco.brussels\/wp-content\/uploads\/2017\/09\/planning-1024x409.png\" alt=\"\" width=\"640\" height=\"256\" srcset=\"http:\/\/vilco.brussels\/wp-content\/uploads\/2017\/09\/planning-1024x409.png 1024w, http:\/\/vilco.brussels\/wp-content\/uploads\/2017\/09\/planning-150x60.png 150w, http:\/\/vilco.brussels\/wp-content\/uploads\/2017\/09\/planning-300x120.png 300w, http:\/\/vilco.brussels\/wp-content\/uploads\/2017\/09\/planning-768x307.png 768w, http:\/\/vilco.brussels\/wp-content\/uploads\/2017\/09\/planning.png 1198w\" sizes=\"(max-width: 640px) 100vw, 640px\" \/><\/p>\n<h1><span style=\"color: #f06403;\">\u00a01. L&rsquo;immersion &#8211; Voir, \u00e9couter et partager\u00a0<\/span><\/h1>\n<p><img loading=\"lazy\" class=\"wp-image-330 size-thumbnail alignleft\" src=\"http:\/\/vilco.brussels\/wp-content\/uploads\/2017\/09\/Image1-144x150.jpg\" alt=\"\" width=\"144\" height=\"150\" srcset=\"http:\/\/vilco.brussels\/wp-content\/uploads\/2017\/09\/Image1-144x150.jpg 144w, http:\/\/vilco.brussels\/wp-content\/uploads\/2017\/09\/Image1-288x300.jpg 288w, http:\/\/vilco.brussels\/wp-content\/uploads\/2017\/09\/Image1.jpg 306w\" sizes=\"(max-width: 144px) 100vw, 144px\" \/>Nous proposons une longue phase d\u2019immersion qui s\u2019\u00e9talera sur environ 5-7 mois. Cette \u00e9tape a pour but de se confronter \u00e0 la r\u00e9alit\u00e9 de chaque acteur, d&rsquo;\u00eatre en capacit\u00e9 d\u2019appr\u00e9cier avec empathie les contraintes des uns et des autres, d&rsquo;identifier la richesse des pratiques, les lacunes, de comprendre les motivations individuelles et collectives, etc. Tout cela permet d\u2019assurer une meilleure compr\u00e9hension mutuelle des acteurs ainsi qu\u2019une plus grande connaissance des projets des uns et des autres, et plus simplement, de construire de la confiance. L\u2019immersion c\u2019est aussi l\u2019opportunit\u00e9 d\u2019\u00e9changer avec des pairs\u00a0sur des astuces, des bonnes pratiques, des points de vigilance, des histoires.<\/p>\n<h3>Visites de terrain &#8211; L&rsquo;immersion crois\u00e9e<\/h3>\n<p>Initiatives citoyennes et administrations se c\u00f4toient sans pour autant vraiment se conna\u00eetre. Nous proposons donc d\u2019organiser des sessions d\u2019immersion crois\u00e9e dans chacun des livings labs :<br \/>\nCitoyens des initiatives locales, agents (administrations communales et r\u00e9gionales), professionnels et chercheurs impliqu\u00e9s dans VILCO sont convi\u00e9s \u00e0 visiter chacun des Livings Labs. Pour chacun d&rsquo;entre\u00a0eux, un h\u00f4te est identifi\u00e9\u00a0: soit l&rsquo;autorit\u00e9 locale\u00a0soit l&rsquo;initiative citoyenne.<\/p>\n<p>Durant ces visites crois\u00e9es\u00a0qui s&rsquo;\u00e9taleront en\u00a0moyenne sur 2 \u00e0 3h, le bin\u00f4me &lsquo;autorit\u00e9 publique locale et\u00a0initiative citoyenne locale&rsquo; sera \u00e9tudi\u00e9 \u00e0 la loupe.<\/p>\n<h3>Vis ma vie\u00a0&#8211; l&rsquo;immersion du quotidien<\/h3>\n<p>Pour ceux qui en ont l\u2019occasion, nous organiserons des immersions au quotidien : pendant un moment (une demi-journ\u00e9e, une journ\u00e9e, une soir\u00e9e,\u2026), une ou deux personnes suivent le quotidien d\u2019un partenaire.<\/p>\n<p>Ces immersions plus proches du r\u00e9el d\u2019une organisation, enrichissent le partage d\u2019exp\u00e9riences et d\u2019analyses et compl\u00e8tent les visites crois\u00e9es. C\u2019est dans ces sessions qu\u2019\u00e9mergent au mieux les \u00e9l\u00e9ments de contraintes (par exemple le manque de moyens techniques), les difficult\u00e9s (par exemple d\u2019organisation des b\u00e9n\u00e9voles et des agendas dans les initiatives, ou les contraintes administratives dans les communes), les forces (la simplicit\u00e9 des \u00e9changes, l\u2019\u00e9nergie individuelle et collective).<\/p>\n<h1><span style=\"color: #f06403;\">2. La d\u00e9finition des chantiers <\/span><\/h1>\n<h3><img loading=\"lazy\" class=\"wp-image-331 size-thumbnail alignleft\" src=\"http:\/\/vilco.brussels\/wp-content\/uploads\/2017\/09\/Image2bis-150x150.jpg\" alt=\"\" width=\"150\" height=\"150\" srcset=\"http:\/\/vilco.brussels\/wp-content\/uploads\/2017\/09\/Image2bis-150x150.jpg 150w, http:\/\/vilco.brussels\/wp-content\/uploads\/2017\/09\/Image2bis-300x300.jpg 300w, http:\/\/vilco.brussels\/wp-content\/uploads\/2017\/09\/Image2bis-250x250.jpg 250w, http:\/\/vilco.brussels\/wp-content\/uploads\/2017\/09\/Image2bis-174x174.jpg 174w, http:\/\/vilco.brussels\/wp-content\/uploads\/2017\/09\/Image2bis.jpg 363w\" sizes=\"(max-width: 150px) 100vw, 150px\" \/>l&rsquo;auto-diagnostic<\/h3>\n<p>L&rsquo;objectif de l\u2019autodiagnostic permet d\u2019identifier les pratiques de collaboration entre acteurs au sein de la dynamique locale et les liens manquants. Il permet \u00e9galement d\u2019identifier les ressources en jeu dans la dynamique locale. Ressources et liens sont mis en \u00e9vidence au travers d&rsquo;une double cartographie de la dynamique locale.<\/p>\n<h3>le test de robustesse<\/h3>\n<p>Le test de robustesse a pour but d\u2019identifier les points forts et points faibles de la dynamique locale et donc les potentiels chantiers d\u2019innovation. Le fonctionnement de la dynamique est soumis \u00e0 une batterie de d\u00e9fis et de turbulences pour \u00e9prouver sa r\u00e9silience.<\/p>\n<p>&nbsp;<\/p>\n<h1><span style=\"color: #f06403;\">3. La co-cr\u00e9ation de solutions &#8211; Sc\u00e9narios de re-configurations<\/span><\/h1>\n<p><img loading=\"lazy\" class=\"wp-image-332 size-thumbnail alignleft\" src=\"http:\/\/vilco.brussels\/wp-content\/uploads\/2017\/09\/Image3bis-135x150.jpg\" alt=\"\" width=\"135\" height=\"150\" srcset=\"http:\/\/vilco.brussels\/wp-content\/uploads\/2017\/09\/Image3bis-135x150.jpg 135w, http:\/\/vilco.brussels\/wp-content\/uploads\/2017\/09\/Image3bis-271x300.jpg 271w, http:\/\/vilco.brussels\/wp-content\/uploads\/2017\/09\/Image3bis.jpg 314w\" sizes=\"(max-width: 135px) 100vw, 135px\" \/><\/p>\n<p>Cette phase de co-cr\u00e9ation vise \u00e0 ouvrir les possibles en imaginant des solutions nouvelles et en projetant diff\u00e9rents sc\u00e9narios de transformations possibles du fonctionnement, de la gestion et de la gouvernance au sein des dynamiques locales.<\/p>\n<p>Les ateliers de co-cr\u00e9ation multiacteurs se\u00a0d\u00e9veloppent suivant les \u00e9tapes classiques d\u2019un processus de cr\u00e9ation :<\/p>\n<ul>\n<li>Id\u00e9ation : brainstorming qui doit permettre d\u2019explorer les possibles et de re-questionner les mod\u00e8les et paradigmes en place.<\/li>\n<li>Tri collectif : les id\u00e9es issues du brainstorming sont r\u00e9vis\u00e9es et tri\u00e9es selon leur nature, leur caract\u00e8re radical, leur possibilit\u00e9 de concr\u00e9tisation, leur potentiel transformateur, etc.<\/li>\n<li>D\u00e9veloppement : les id\u00e9es les plus prometteuses sont approfondies collectivement et les conditions et modalit\u00e9s d\u2019une possible impl\u00e9mentation sont dessin\u00e9es.<\/li>\n<\/ul>\n<h1><span style=\"color: #f06403;\">4. L&rsquo;exp\u00e9rimentation<\/span><\/h1>\n<p><img loading=\"lazy\" class=\"wp-image-333 size-thumbnail alignleft\" src=\"http:\/\/vilco.brussels\/wp-content\/uploads\/2017\/09\/Image4bis-148x150.jpg\" alt=\"\" width=\"148\" height=\"150\" srcset=\"http:\/\/vilco.brussels\/wp-content\/uploads\/2017\/09\/Image4bis-148x150.jpg 148w, http:\/\/vilco.brussels\/wp-content\/uploads\/2017\/09\/Image4bis-296x300.jpg 296w, http:\/\/vilco.brussels\/wp-content\/uploads\/2017\/09\/Image4bis.jpg 338w\" sizes=\"(max-width: 148px) 100vw, 148px\" \/><\/p>\n<p>Tester ensemble les solutions imagin\u00e9es, avant d\u2019\u00e9ventuellement les p\u00e9renniser et les g\u00e9n\u00e9raliser est la suite logique d\u2019un processus de co-conception. Certaines exp\u00e9rimentations pourront \u00eatre l\u00e9g\u00e8res et courtes pour prouver leur efficacit\u00e9 ou leur non-pertinence, alors que d\u2019autres n\u00e9cessiteront des temps plus longs et un suivi plus continu. Le format adaptable de l\u2019exp\u00e9rimentation fait partie inh\u00e9rente du processus de co-cr\u00e9ation de VILCO. Il ne peut \u00eatre d\u00e9fini que collectivement et qu\u2019au regard de chaque solution imagin\u00e9e dans le cours du projet. De multiples exp\u00e9rimentations pourront \u00eatre men\u00e9es en parall\u00e8le.<\/p>\n<p>&nbsp;<\/p>\n<h1><span style=\"color: #f06403;\">5. Suivi et p\u00e9rennisation<\/span><\/h1>\n<h2><img loading=\"lazy\" class=\"alignleft wp-image-334 size-thumbnail\" src=\"http:\/\/vilco.brussels\/wp-content\/uploads\/2017\/09\/Image5bis-142x150.jpg\" alt=\"\" width=\"142\" height=\"150\" \/><\/h2>\n<p>Cette \u00e9tape est cl\u00e9 pour les initiatives et le projet en lui-m\u00eame:<\/p>\n<ul>\n<li>Pour les initiatives, elle garantit la consolidation des plus-values apport\u00e9es par le projet dans une logique d\u2019autonomisation et donc de renforcement de sa r\u00e9silience.<\/li>\n<li>Pour le projet, elle va apporter des renseignements fondamentaux quant aux modalit\u00e9s de phasing out de l\u2019accompagnement \u00e0 appliquer par des pouvoirs publics qui mettent en place des processus d\u2019accompagnement qui trop souvent aboutissent \u00e0 une fragilisation et une d\u00e9pendance des acteurs de terrain vis-\u00e0-vis du dispositif mis en place.<\/li>\n<\/ul>\n<p>&nbsp;<\/p>\n","protected":false},"excerpt":{"rendered":"<p>&lsquo;Living Labs&rsquo;, K\u00e9sako ? Voici un petit rappel de ce que l&rsquo;on entend par &lsquo;Living Lab&rsquo; (source : Wikip\u00e9dia).\u00a0\u00ab\u00a0Un Living Lab regroupe des acteurs publics, priv\u00e9s, des entreprises, des associations, des acteurs individuels, dans l\u2019objectif de tester \u00ab grandeur nature \u00bb des services, des outils ou des usages nouveaux. Il s\u2019agit de sortir la recherche <a href=\"http:\/\/vilco.brussels\/?page_id=120\" rel=\"nofollow\"><span class=\"sr-only\">Read more about VILCO, les living labs<\/span>[&hellip;]<\/a><\/p>\n","protected":false},"author":1,"featured_media":0,"parent":0,"menu_order":0,"comment_status":"closed","ping_status":"closed","template":"","meta":[],"_links":{"self":[{"href":"http:\/\/vilco.brussels\/index.php?rest_route=\/wp\/v2\/pages\/120"}],"collection":[{"href":"http:\/\/vilco.brussels\/index.php?rest_route=\/wp\/v2\/pages"}],"about":[{"href":"http:\/\/vilco.brussels\/index.php?rest_route=\/wp\/v2\/types\/page"}],"author":[{"embeddable":true,"href":"http:\/\/vilco.brussels\/index.php?rest_route=\/wp\/v2\/users\/1"}],"replies":[{"embeddable":true,"href":"http:\/\/vilco.brussels\/index.php?rest_route=%2Fwp%2Fv2%2Fcomments&post=120"}],"version-history":[{"count":12,"href":"http:\/\/vilco.brussels\/index.php?rest_route=\/wp\/v2\/pages\/120\/revisions"}],"predecessor-version":[{"id":352,"href":"http:\/\/vilco.brussels\/index.php?rest_route=\/wp\/v2\/pages\/120\/revisions\/352"}],"wp:attachment":[{"href":"http:\/\/vilco.brussels\/index.php?rest_route=%2Fwp%2Fv2%2Fmedia&parent=120"}],"curies":[{"name":"wp","href":"https:\/\/api.w.org\/{rel}","templated":true}]}}