{"id":15,"date":"2017-09-07T16:29:10","date_gmt":"2017-09-07T14:29:10","guid":{"rendered":"http:\/\/vilco.brussels\/?page_id=15"},"modified":"2021-03-24T13:14:31","modified_gmt":"2021-03-24T12:14:31","slug":"a-propos-de-vilco","status":"publish","type":"page","link":"http:\/\/vilco.brussels\/?page_id=15","title":{"rendered":"VILCO, en bref"},"content":{"rendered":"\n<figure class=\"wp-block-embed is-type-video is-provider-vimeo wp-block-embed-vimeo wp-embed-aspect-16-9 wp-has-aspect-ratio\"><div class=\"wp-block-embed__wrapper\">\n<iframe loading=\"lazy\" title=\"Le projet VILCO: En quelques mots\" src=\"https:\/\/player.vimeo.com\/video\/411045231?dnt=1&amp;app_id=122963\" width=\"640\" height=\"360\" frameborder=\"0\" allow=\"autoplay; fullscreen; picture-in-picture\" allowfullscreen><\/iframe>\n<\/div><\/figure>\n\n\n<p><img loading=\"lazy\" class=\"wp-image-106 alignleft\" src=\"http:\/\/vilco.brussels\/wp-content\/uploads\/2017\/09\/VILCO_acteurs.png\" alt=\"\" width=\"393\" height=\"457\" srcset=\"http:\/\/vilco.brussels\/wp-content\/uploads\/2017\/09\/VILCO_acteurs.png 818w, http:\/\/vilco.brussels\/wp-content\/uploads\/2017\/09\/VILCO_acteurs-129x150.png 129w, http:\/\/vilco.brussels\/wp-content\/uploads\/2017\/09\/VILCO_acteurs-258x300.png 258w, http:\/\/vilco.brussels\/wp-content\/uploads\/2017\/09\/VILCO_acteurs-768x892.png 768w\" sizes=\"(max-width: 393px) 100vw, 393px\" \/><\/p>\n<p>La R\u00e9gion bruxelloise compte nombre d\u2019initiatives citoyennes, de tout type, de toute forme, d\u2019ampleur et d\u2019ambitions riches et m\u00e9lang\u00e9es. Elles cr\u00e9ent de nouvelles formes d\u2019engagements citoyens qui s\u2019investissent pour le bien commun, le quartier, pour une meilleure ville, pour un monde meilleur. En croissance, ces initiatives se heurtent cependant bien souvent \u00e0 leurs limites et \u00e9prouvent du mal \u00e0 se d\u00e9velopper ou simplement \u00e0 survivre.<\/p>\n<p>De leur c\u00f4t\u00e9, les Communes et la R\u00e9gion d\u00e9veloppent depuis longtemps des politiques en mati\u00e8re d\u2019environnement et d\u2019accompagnement des initiatives citoyennes, aussi bien au quotidien qu\u2019au travers de programmes structur\u00e9s tels que les Agenda 21 locaux ou encore les Contrats de quartier durable. Cependant ces pouvoirs locaux en sont encore au stade du t\u00e2tonnement sur leur mani\u00e8re d\u2019interagir et de nouer des collaborations avec les nouvelles formes d\u2019engagements citoyens.<\/p>\n<p>La recherche et l\u2019exp\u00e9rimentation se sont jusque-l\u00e0 cantonn\u00e9es soit \u00e0 l\u2019analyse de l\u2019administration et des politiques publiques, soit \u00e0 l\u2019\u00e9tude des initiatives citoyennes. <span style=\"color: #f37420;\"><strong>VILCO innove en travaillant justement sur l\u2019interaction entre autorit\u00e9s publiques et initiatives collectives citoyennes, <\/strong><span style=\"color: #333333;\">que nous appelons<\/span><strong> \u2018dynamique locale\u2019<\/strong><\/span>. Comprendre&nbsp;le fonctionnement de ces dynamiques&nbsp;est au c\u0153ur de la recherche VILCO. A terme, l\u2019enjeu est de proposer de nouveaux modes de gouvernance qui ne sont pas d\u00e9termin\u00e9s \u2018pour les citoyens\u2019 mais bien \u2018avec les citoyens\u2019.<\/p>\n<p>Pour mener \u00e0 bien la recherche, <strong><a href=\"http:\/\/vilco.brussels\/index.php\/qui-est-vilco\/\">l\u2019\u00e9quipe VILCO<\/a><\/strong> a mis en place un large partenariat qui rassemble communes, administration r\u00e9gionale, monde acad\u00e9mique, initiatives de citoyens, f\u00e9d\u00e9ration de comit\u00e9s de quartiers, f\u00e9d\u00e9ration d&rsquo;initiatives de transition, experts en participation, en d\u00e9veloppement durable, en urbanisme. Ce partenariat ne manquera pas de s&rsquo;\u00e9toffer en fonction des besoins.<\/p>\n<h2>Les hypoth\u00e8ses VILCO<\/h2>\n<h4><span style=\"color: #2d4664;\"><strong>1. MO<a href=\"http:\/\/vilco.brussels\/?attachment_id=43\" rel=\"attachment wp-att-43\"><img loading=\"lazy\" class=\"alignleft wp-image-43\" src=\"http:\/\/vilco.brussels\/wp-content\/uploads\/2017\/09\/motivation-1-300x231.png\" alt=\"\" width=\"126\" height=\"97\" srcset=\"http:\/\/vilco.brussels\/wp-content\/uploads\/2017\/09\/motivation-1-300x231.png 300w, http:\/\/vilco.brussels\/wp-content\/uploads\/2017\/09\/motivation-1-150x116.png 150w, http:\/\/vilco.brussels\/wp-content\/uploads\/2017\/09\/motivation-1-768x592.png 768w, http:\/\/vilco.brussels\/wp-content\/uploads\/2017\/09\/motivation-1-1024x790.png 1024w, http:\/\/vilco.brussels\/wp-content\/uploads\/2017\/09\/motivation-1.png 1119w\" sizes=\"(max-width: 126px) 100vw, 126px\" \/><\/a>TIVATION<\/strong><\/span><\/h4>\n<p>La r\u00e9silience des dynamiques locales est directement d\u00e9pendante de la reconnaissance et du maintien des motivations propres \u00e0 chacun des acteurs.<\/p>\n<h4><a href=\"http:\/\/vilco.brussels\/?attachment_id=48\" rel=\"attachment wp-att-48\"><img loading=\"lazy\" class=\"alignright wp-image-48\" src=\"http:\/\/vilco.brussels\/wp-content\/uploads\/2017\/09\/Reseau-1-300x195.png\" alt=\"\" width=\"150\" height=\"97\" srcset=\"http:\/\/vilco.brussels\/wp-content\/uploads\/2017\/09\/Reseau-1-300x195.png 300w, http:\/\/vilco.brussels\/wp-content\/uploads\/2017\/09\/Reseau-1-150x97.png 150w, http:\/\/vilco.brussels\/wp-content\/uploads\/2017\/09\/Reseau-1-768x498.png 768w, http:\/\/vilco.brussels\/wp-content\/uploads\/2017\/09\/Reseau-1-1024x665.png 1024w, http:\/\/vilco.brussels\/wp-content\/uploads\/2017\/09\/Reseau-1.png 1345w\" sizes=\"(max-width: 150px) 100vw, 150px\" \/><\/a><span style=\"color: #2d4664;\"><strong>2. R\u00e9SEAUX<\/strong><\/span><\/h4>\n<p>La r\u00e9silience des dynamiques locales est directement d\u00e9pendante de l\u2019inscription et de l\u2019implication de celles-ci dans des r\u00e9seaux de natures diff\u00e9rentes.<\/p>\n<h4><a href=\"http:\/\/vilco.brussels\/?attachment_id=42\" rel=\"attachment wp-att-42\"><img loading=\"lazy\" class=\"alignleft wp-image-42\" src=\"http:\/\/vilco.brussels\/wp-content\/uploads\/2017\/09\/confiance-1-150x117.png\" alt=\"\" width=\"124\" height=\"97\" srcset=\"http:\/\/vilco.brussels\/wp-content\/uploads\/2017\/09\/confiance-1-150x117.png 150w, http:\/\/vilco.brussels\/wp-content\/uploads\/2017\/09\/confiance-1-300x235.png 300w, http:\/\/vilco.brussels\/wp-content\/uploads\/2017\/09\/confiance-1-768x602.png 768w, http:\/\/vilco.brussels\/wp-content\/uploads\/2017\/09\/confiance-1-1024x802.png 1024w, http:\/\/vilco.brussels\/wp-content\/uploads\/2017\/09\/confiance-1.png 1038w\" sizes=\"(max-width: 124px) 100vw, 124px\" \/><\/a><span style=\"color: #2d4664;\"><strong>3. CONFIANCE<\/strong><\/span><\/h4>\n<p>La r\u00e9silience des dynamiques locales est directement d\u00e9pendante du niveau de confiance entre ses acteurs.<\/p>\n<h4><a href=\"http:\/\/vilco.brussels\/?attachment_id=44\" rel=\"attachment wp-att-44\"><img loading=\"lazy\" class=\"alignright wp-image-44\" src=\"http:\/\/vilco.brussels\/wp-content\/uploads\/2017\/09\/Multi-acteurs--150x110.png\" alt=\"\" width=\"143\" height=\"105\" srcset=\"http:\/\/vilco.brussels\/wp-content\/uploads\/2017\/09\/Multi-acteurs--150x110.png 150w, http:\/\/vilco.brussels\/wp-content\/uploads\/2017\/09\/Multi-acteurs--300x220.png 300w, http:\/\/vilco.brussels\/wp-content\/uploads\/2017\/09\/Multi-acteurs--768x562.png 768w, http:\/\/vilco.brussels\/wp-content\/uploads\/2017\/09\/Multi-acteurs--1024x750.png 1024w, http:\/\/vilco.brussels\/wp-content\/uploads\/2017\/09\/Multi-acteurs-.png 1146w\" sizes=\"(max-width: 143px) 100vw, 143px\" \/><\/a><span style=\"color: #2d4664;\"><strong>4. MULTI-ACTEURS<\/strong><\/span><\/h4>\n<p>La r\u00e9silience des dynamiques locales est directement d\u00e9pendante de la multiplicit\u00e9 des acteurs y participant.<\/p>\n<h4><a href=\"http:\/\/vilco.brussels\/?attachment_id=47\" rel=\"attachment wp-att-47\"><img loading=\"lazy\" class=\"alignleft wp-image-47\" src=\"http:\/\/vilco.brussels\/wp-content\/uploads\/2017\/09\/Participation-Intra-1-150x109.png\" alt=\"\" width=\"133\" height=\"97\" srcset=\"http:\/\/vilco.brussels\/wp-content\/uploads\/2017\/09\/Participation-Intra-1-150x109.png 150w, http:\/\/vilco.brussels\/wp-content\/uploads\/2017\/09\/Participation-Intra-1-300x219.png 300w, http:\/\/vilco.brussels\/wp-content\/uploads\/2017\/09\/Participation-Intra-1-768x560.png 768w, http:\/\/vilco.brussels\/wp-content\/uploads\/2017\/09\/Participation-Intra-1-1024x747.png 1024w, http:\/\/vilco.brussels\/wp-content\/uploads\/2017\/09\/Participation-Intra-1.png 1064w\" sizes=\"(max-width: 133px) 100vw, 133px\" \/><\/a><span style=\"color: #2d4664;\"><strong>5. PARTICIPATION INTRA<\/strong><\/span><\/h4>\n<p>La r\u00e9silience des dynamiques locales est directement d\u00e9pendante du niveau et de la nature de la participation en son sein.<\/p>\n<h4><a href=\"http:\/\/vilco.brussels\/?attachment_id=46\" rel=\"attachment wp-att-46\"><img loading=\"lazy\" class=\"alignright wp-image-46\" src=\"http:\/\/vilco.brussels\/wp-content\/uploads\/2017\/09\/Participation-Extra-1-150x118.png\" alt=\"\" width=\"127\" height=\"100\" srcset=\"http:\/\/vilco.brussels\/wp-content\/uploads\/2017\/09\/Participation-Extra-1-150x118.png 150w, http:\/\/vilco.brussels\/wp-content\/uploads\/2017\/09\/Participation-Extra-1-300x237.png 300w, http:\/\/vilco.brussels\/wp-content\/uploads\/2017\/09\/Participation-Extra-1-768x606.png 768w, http:\/\/vilco.brussels\/wp-content\/uploads\/2017\/09\/Participation-Extra-1-1024x808.png 1024w, http:\/\/vilco.brussels\/wp-content\/uploads\/2017\/09\/Participation-Extra-1.png 1061w\" sizes=\"(max-width: 127px) 100vw, 127px\" \/><\/a><span style=\"color: #2d4664;\"><strong>6. PARTICIPATION EXTRA<\/strong><\/span><\/h4>\n<p>La r\u00e9silience des dynamiques locales est directement d\u00e9pendante du niveau et de la capacit\u00e9 des politiques publiques \u00e0 prendre en compte la participation.<\/p>\n<h4><a href=\"http:\/\/vilco.brussels\/?attachment_id=41\" rel=\"attachment wp-att-41\"><img loading=\"lazy\" class=\"alignleft wp-image-41\" src=\"http:\/\/vilco.brussels\/wp-content\/uploads\/2017\/09\/Co-ressources-1-150x137.png\" alt=\"\" width=\"107\" height=\"98\" srcset=\"http:\/\/vilco.brussels\/wp-content\/uploads\/2017\/09\/Co-ressources-1-150x137.png 150w, http:\/\/vilco.brussels\/wp-content\/uploads\/2017\/09\/Co-ressources-1-300x274.png 300w, http:\/\/vilco.brussels\/wp-content\/uploads\/2017\/09\/Co-ressources-1-768x701.png 768w, http:\/\/vilco.brussels\/wp-content\/uploads\/2017\/09\/Co-ressources-1-1024x935.png 1024w, http:\/\/vilco.brussels\/wp-content\/uploads\/2017\/09\/Co-ressources-1.png 1037w\" sizes=\"(max-width: 107px) 100vw, 107px\" \/><\/a><span style=\"color: #2d4664;\"><strong>7. CO-RESSOURCES<\/strong><\/span><\/h4>\n<p>La r\u00e9silience des dynamiques locales est directement d\u00e9pendante de la compl\u00e9mentarit\u00e9 et de la reconnaissance de la valeur des ressources apport\u00e9es par chacun des acteurs et de leur mise en commun.<\/p>\n<h4><a href=\"http:\/\/vilco.brussels\/?attachment_id=45\" rel=\"attachment wp-att-45\"><img loading=\"lazy\" class=\"size-thumbnail wp-image-45 alignright\" src=\"http:\/\/vilco.brussels\/wp-content\/uploads\/2017\/09\/Ouverture-1-150x91.png\" alt=\"\" width=\"150\" height=\"91\" srcset=\"http:\/\/vilco.brussels\/wp-content\/uploads\/2017\/09\/Ouverture-1-150x91.png 150w, http:\/\/vilco.brussels\/wp-content\/uploads\/2017\/09\/Ouverture-1-300x183.png 300w, http:\/\/vilco.brussels\/wp-content\/uploads\/2017\/09\/Ouverture-1-768x468.png 768w, http:\/\/vilco.brussels\/wp-content\/uploads\/2017\/09\/Ouverture-1-1024x624.png 1024w, http:\/\/vilco.brussels\/wp-content\/uploads\/2017\/09\/Ouverture-1.png 1420w\" sizes=\"(max-width: 150px) 100vw, 150px\" \/><\/a><span style=\"color: #2d4664;\"><strong>8. OUVERTURE<\/strong><\/span><\/h4>\n<p>La r\u00e9silience des dynamiques locales est directement d\u00e9pendante de son degr\u00e9 d\u2019ouverture \u00e0 des apports ext\u00e9rieurs.<\/p>","protected":false},"excerpt":{"rendered":"<p>La R\u00e9gion bruxelloise compte nombre d\u2019initiatives citoyennes, de tout type, de toute forme, d\u2019ampleur et d\u2019ambitions riches et m\u00e9lang\u00e9es. Elles cr\u00e9ent de nouvelles formes d\u2019engagements citoyens qui s\u2019investissent pour le bien commun, le quartier, pour une meilleure ville, pour un monde meilleur. En croissance, ces initiatives se heurtent cependant bien souvent \u00e0 leurs limites et <a href=\"http:\/\/vilco.brussels\/?page_id=15\" rel=\"nofollow\"><span class=\"sr-only\">Read more about VILCO, en bref<\/span>[&hellip;]<\/a><\/p>\n","protected":false},"author":1,"featured_media":0,"parent":0,"menu_order":0,"comment_status":"closed","ping_status":"closed","template":"","meta":[],"_links":{"self":[{"href":"http:\/\/vilco.brussels\/index.php?rest_route=\/wp\/v2\/pages\/15"}],"collection":[{"href":"http:\/\/vilco.brussels\/index.php?rest_route=\/wp\/v2\/pages"}],"about":[{"href":"http:\/\/vilco.brussels\/index.php?rest_route=\/wp\/v2\/types\/page"}],"author":[{"embeddable":true,"href":"http:\/\/vilco.brussels\/index.php?rest_route=\/wp\/v2\/users\/1"}],"replies":[{"embeddable":true,"href":"http:\/\/vilco.brussels\/index.php?rest_route=%2Fwp%2Fv2%2Fcomments&post=15"}],"version-history":[{"count":18,"href":"http:\/\/vilco.brussels\/index.php?rest_route=\/wp\/v2\/pages\/15\/revisions"}],"predecessor-version":[{"id":13871,"href":"http:\/\/vilco.brussels\/index.php?rest_route=\/wp\/v2\/pages\/15\/revisions\/13871"}],"wp:attachment":[{"href":"http:\/\/vilco.brussels\/index.php?rest_route=%2Fwp%2Fv2%2Fmedia&parent=15"}],"curies":[{"name":"wp","href":"https:\/\/api.w.org\/{rel}","templated":true}]}}

<figure class="wp-block-embed is-type-video is-provider-vimeo wp-block-embed-vimeo wp-embed-aspect-16-9 wp-has-aspect-ratio"><div class="wp-block-embed__wrapper">
<iframe loading="lazy" title="Le projet VILCO: En quelques mots" src="https://player.vimeo.com/video/411045231?dnt=1&amp;app_id=122963" width="640" height="360" frameborder="0" allow="autoplay; fullscreen; picture-in-picture" allowfullscreen></iframe>
</div></figure>


<p><img loading="lazy" class="wp-image-106 alignleft" src="http://vilco.brussels/wp-content/uploads/2017/09/VILCO_acteurs.png" alt="" width="393" height="457" srcset="http://vilco.brussels/wp-content/uploads/2017/09/VILCO_acteurs.png 818w, http://vilco.brussels/wp-content/uploads/2017/09/VILCO_acteurs-129x150.png 129w, http://vilco.brussels/wp-content/uploads/2017/09/VILCO_acteurs-258x300.png 258w, http://vilco.brussels/wp-content/uploads/2017/09/VILCO_acteurs-768x892.png 768w" sizes="(max-width: 393px) 100vw, 393px" /></p>
<p>La Région bruxelloise compte nombre d’initiatives citoyennes, de tout type, de toute forme, d’ampleur et d’ambitions riches et mélangées. Elles créent de nouvelles formes d’engagements citoyens qui s’investissent pour le bien commun, le quartier, pour une meilleure ville, pour un monde meilleur. En croissance, ces initiatives se heurtent cependant bien souvent à leurs limites et éprouvent du mal à se développer ou simplement à survivre.</p>
<p>De leur côté, les Communes et la Région développent depuis longtemps des politiques en matière d’environnement et d’accompagnement des initiatives citoyennes, aussi bien au quotidien qu’au travers de programmes structurés tels que les Agenda 21 locaux ou encore les Contrats de quartier durable. Cependant ces pouvoirs locaux en sont encore au stade du tâtonnement sur leur manière d’interagir et de nouer des collaborations avec les nouvelles formes d’engagements citoyens.</p>
<p>La recherche et l’expérimentation se sont jusque-là cantonnées soit à l’analyse de l’administration et des politiques publiques, soit à l’étude des initiatives citoyennes. <span style="color: #f37420;"><strong>VILCO innove en travaillant justement sur l’interaction entre autorités publiques et initiatives collectives citoyennes, </strong><span style="color: #333333;">que nous appelons</span><strong> ‘dynamique locale’</strong></span>. Comprendre&nbsp;le fonctionnement de ces dynamiques&nbsp;est au cœur de la recherche VILCO. A terme, l’enjeu est de proposer de nouveaux modes de gouvernance qui ne sont pas déterminés ‘pour les citoyens’ mais bien ‘avec les citoyens’.</p>
<p>Pour mener à bien la recherche, <strong><a href="http://vilco.brussels/index.php/qui-est-vilco/">l’équipe VILCO</a></strong> a mis en place un large partenariat qui rassemble communes, administration régionale, monde académique, initiatives de citoyens, fédération de comités de quartiers, fédération d&rsquo;initiatives de transition, experts en participation, en développement durable, en urbanisme. Ce partenariat ne manquera pas de s&rsquo;étoffer en fonction des besoins.</p>
<h2>Les hypothèses VILCO</h2>
<h4><span style="color: #2d4664;"><strong>1. MO<a href="http://vilco.brussels/?attachment_id=43" rel="attachment wp-att-43"><img loading="lazy" class="alignleft wp-image-43" src="http://vilco.brussels/wp-content/uploads/2017/09/motivation-1-300x231.png" alt="" width="126" height="97" srcset="http://vilco.brussels/wp-content/uploads/2017/09/motivation-1-300x231.png 300w, http://vilco.brussels/wp-content/uploads/2017/09/motivation-1-150x116.png 150w, http://vilco.brussels/wp-content/uploads/2017/09/motivation-1-768x592.png 768w, http://vilco.brussels/wp-content/uploads/2017/09/motivation-1-1024x790.png 1024w, http://vilco.brussels/wp-content/uploads/2017/09/motivation-1.png 1119w" sizes="(max-width: 126px) 100vw, 126px" /></a>TIVATION</strong></span></h4>
<p>La résilience des dynamiques locales est directement dépendante de la reconnaissance et du maintien des motivations propres à chacun des acteurs.</p>
<h4><a href="http://vilco.brussels/?attachment_id=48" rel="attachment wp-att-48"><img loading="lazy" class="alignright wp-image-48" src="http://vilco.brussels/wp-content/uploads/2017/09/Reseau-1-300x195.png" alt="" width="150" height="97" srcset="http://vilco.brussels/wp-content/uploads/2017/09/Reseau-1-300x195.png 300w, http://vilco.brussels/wp-content/uploads/2017/09/Reseau-1-150x97.png 150w, http://vilco.brussels/wp-content/uploads/2017/09/Reseau-1-768x498.png 768w, http://vilco.brussels/wp-content/uploads/2017/09/Reseau-1-1024x665.png 1024w, http://vilco.brussels/wp-content/uploads/2017/09/Reseau-1.png 1345w" sizes="(max-width: 150px) 100vw, 150px" /></a><span style="color: #2d4664;"><strong>2. RéSEAUX</strong></span></h4>
<p>La résilience des dynamiques locales est directement dépendante de l’inscription et de l’implication de celles-ci dans des réseaux de natures différentes.</p>
<h4><a href="http://vilco.brussels/?attachment_id=42" rel="attachment wp-att-42"><img loading="lazy" class="alignleft wp-image-42" src="http://vilco.brussels/wp-content/uploads/2017/09/confiance-1-150x117.png" alt="" width="124" height="97" srcset="http://vilco.brussels/wp-content/uploads/2017/09/confiance-1-150x117.png 150w, http://vilco.brussels/wp-content/uploads/2017/09/confiance-1-300x235.png 300w, http://vilco.brussels/wp-content/uploads/2017/09/confiance-1-768x602.png 768w, http://vilco.brussels/wp-content/uploads/2017/09/confiance-1-1024x802.png 1024w, http://vilco.brussels/wp-content/uploads/2017/09/confiance-1.png 1038w" sizes="(max-width: 124px) 100vw, 124px" /></a><span style="color: #2d4664;"><strong>3. CONFIANCE</strong></span></h4>
<p>La résilience des dynamiques locales est directement dépendante du niveau de confiance entre ses acteurs.</p>
<h4><a href="http://vilco.brussels/?attachment_id=44" rel="attachment wp-att-44"><img loading="lazy" class="alignright wp-image-44" src="http://vilco.brussels/wp-content/uploads/2017/09/Multi-acteurs--150x110.png" alt="" width="143" height="105" srcset="http://vilco.brussels/wp-content/uploads/2017/09/Multi-acteurs--150x110.png 150w, http://vilco.brussels/wp-content/uploads/2017/09/Multi-acteurs--300x220.png 300w, http://vilco.brussels/wp-content/uploads/2017/09/Multi-acteurs--768x562.png 768w, http://vilco.brussels/wp-content/uploads/2017/09/Multi-acteurs--1024x750.png 1024w, http://vilco.brussels/wp-content/uploads/2017/09/Multi-acteurs-.png 1146w" sizes="(max-width: 143px) 100vw, 143px" /></a><span style="color: #2d4664;"><strong>4. MULTI-ACTEURS</strong></span></h4>
<p>La résilience des dynamiques locales est directement dépendante de la multiplicité des acteurs y participant.</p>
<h4><a href="http://vilco.brussels/?attachment_id=47" rel="attachment wp-att-47"><img loading="lazy" class="alignleft wp-image-47" src="http://vilco.brussels/wp-content/uploads/2017/09/Participation-Intra-1-150x109.png" alt="" width="133" height="97" srcset="http://vilco.brussels/wp-content/uploads/2017/09/Participation-Intra-1-150x109.png 150w, http://vilco.brussels/wp-content/uploads/2017/09/Participation-Intra-1-300x219.png 300w, http://vilco.brussels/wp-content/uploads/2017/09/Participation-Intra-1-768x560.png 768w, http://vilco.brussels/wp-content/uploads/2017/09/Participation-Intra-1-1024x747.png 1024w, http://vilco.brussels/wp-content/uploads/2017/09/Participation-Intra-1.png 1064w" sizes="(max-width: 133px) 100vw, 133px" /></a><span style="color: #2d4664;"><strong>5. PARTICIPATION INTRA</strong></span></h4>
<p>La résilience des dynamiques locales est directement dépendante du niveau et de la nature de la participation en son sein.</p>
<h4><a href="http://vilco.brussels/?attachment_id=46" rel="attachment wp-att-46"><img loading="lazy" class="alignright wp-image-46" src="http://vilco.brussels/wp-content/uploads/2017/09/Participation-Extra-1-150x118.png" alt="" width="127" height="100" srcset="http://vilco.brussels/wp-content/uploads/2017/09/Participation-Extra-1-150x118.png 150w, http://vilco.brussels/wp-content/uploads/2017/09/Participation-Extra-1-300x237.png 300w, http://vilco.brussels/wp-content/uploads/2017/09/Participation-Extra-1-768x606.png 768w, http://vilco.brussels/wp-content/uploads/2017/09/Participation-Extra-1-1024x808.png 1024w, http://vilco.brussels/wp-content/uploads/2017/09/Participation-Extra-1.png 1061w" sizes="(max-width: 127px) 100vw, 127px" /></a><span style="color: #2d4664;"><strong>6. PARTICIPATION EXTRA</strong></span></h4>
<p>La résilience des dynamiques locales est directement dépendante du niveau et de la capacité des politiques publiques à prendre en compte la participation.</p>
<h4><a href="http://vilco.brussels/?attachment_id=41" rel="attachment wp-att-41"><img loading="lazy" class="alignleft wp-image-41" src="http://vilco.brussels/wp-content/uploads/2017/09/Co-ressources-1-150x137.png" alt="" width="107" height="98" srcset="http://vilco.brussels/wp-content/uploads/2017/09/Co-ressources-1-150x137.png 150w, http://vilco.brussels/wp-content/uploads/2017/09/Co-ressources-1-300x274.png 300w, http://vilco.brussels/wp-content/uploads/2017/09/Co-ressources-1-768x701.png 768w, http://vilco.brussels/wp-content/uploads/2017/09/Co-ressources-1-1024x935.png 1024w, http://vilco.brussels/wp-content/uploads/2017/09/Co-ressources-1.png 1037w" sizes="(max-width: 107px) 100vw, 107px" /></a><span style="color: #2d4664;"><strong>7. CO-RESSOURCES</strong></span></h4>
<p>La résilience des dynamiques locales est directement dépendante de la complémentarité et de la reconnaissance de la valeur des ressources apportées par chacun des acteurs et de leur mise en commun.</p>
<h4><a href="http://vilco.brussels/?attachment_id=45" rel="attachment wp-att-45"><img loading="lazy" class="size-thumbnail wp-image-45 alignright" src="http://vilco.brussels/wp-content/uploads/2017/09/Ouverture-1-150x91.png" alt="" width="150" height="91" srcset="http://vilco.brussels/wp-content/uploads/2017/09/Ouverture-1-150x91.png 150w, http://vilco.brussels/wp-content/uploads/2017/09/Ouverture-1-300x183.png 300w, http://vilco.brussels/wp-content/uploads/2017/09/Ouverture-1-768x468.png 768w, http://vilco.brussels/wp-content/uploads/2017/09/Ouverture-1-1024x624.png 1024w, http://vilco.brussels/wp-content/uploads/2017/09/Ouverture-1.png 1420w" sizes="(max-width: 150px) 100vw, 150px" /></a><span style="color: #2d4664;"><strong>8. OUVERTURE</strong></span></h4>
<p>La résilience des dynamiques locales est directement dépendante de son degré d’ouverture à des apports extérieurs.</p>

<p>La Région bruxelloise compte nombre d’initiatives citoyennes, de tout type, de toute forme, d’ampleur et d’ambitions riches et mélangées. Elles créent de nouvelles formes d’engagements citoyens qui s’investissent pour le bien commun, le quartier, pour une meilleure ville, pour un monde meilleur. En croissance, ces initiatives se heurtent cependant bien souvent à leurs limites et <a href="http://vilco.brussels/?page_id=15" rel="nofollow"><span class="sr-only">Read more about VILCO, en bref</span>[&hellip;]</a></p>
