{"id":2741,"date":"2019-05-02T14:53:46","date_gmt":"2019-05-02T12:53:46","guid":{"rendered":"http:\/\/vilco.brussels\/?page_id=2741"},"modified":"2019-12-16T09:55:54","modified_gmt":"2019-12-16T08:55:54","slug":"living-lab-duccle","status":"publish","type":"page","link":"http:\/\/vilco.brussels\/?page_id=2741","title":{"rendered":"Living Lab d&rsquo;Uccle"},"content":{"rendered":"<h3>4. Exp\u00e9rimentations VILCO<\/h3>\n<h5><span style=\"color: #2d4664;\">N\u00b014 : Rencontres citoyennes dans les quartiers<\/span><\/h5>\n<p>L\u2019exp\u00e9rimentation consiste \u00e0 repenser le format des rencontres de quartier pour qu\u2019il soit plus inclusif. Cette exp\u00e9rimentation sera l\u2019occasion de tester un second sc\u00e9nario par rapport \u00e0 l\u2019exp\u00e9rimentation r\u00e9alis\u00e9 avec la Bruxelles-Ville sur le m\u00eame sujet en avril\/mai 2019. Th\u00e9matique : culture de la participation. <a href=\"http:\/\/vilco.brussels\/?page_id=5846\">Plus d&rsquo;informations sur l&rsquo;exp\u00e9rimentation VILCO n\u00b014<\/a>.<\/p>\n<div id=\"mobilebgfix\">\n<div>\n<div id=\"content\">\n<div>\n<div>\n<div id=\"primary\">\n<article id=\"post-5846\">\n<header>\n<div id=\"mobilebgfix\">\n<div>\n<div id=\"content\">\n<div>\n<div>\n<div id=\"primary\">\n<article id=\"post-1602\">\n<div>\n<section id=\"cd-timeline\">\n<div>\n<div>\n<div>\n<h5><span style=\"color: #2d4664;\">N\u00b015 : Dans les coulisses de l&rsquo;administration<br \/>\n<\/span><\/h5>\n<p>L\u2019exp\u00e9rimentation consiste \u00e0 lever le voile sur le fonctionnement de l&rsquo;administration par le biais d&rsquo;un cas pratique de demande adress\u00e9e \u00e0 la Commune. Les participants suivent l&rsquo;\u00e9volution de cette demande, d\u00e9couvrent les acteurs qui la traitent et les proc\u00e9dures \u00e0 suivre ainsi que les raison d&rsquo;\u00eatre de ces derni\u00e8res. Th\u00e9matique: projets citoyens. <a href=\"http:\/\/vilco.brussels\/?page_id=7750\">Plus d&rsquo;informations sur l&rsquo;exp\u00e9rimentation VILCO n\u00b015<\/a>.<\/p>\n<h3>3. Pr\u00e9paration de la phase d&rsquo;exp\u00e9rimentation<\/h3>\n<\/div>\n<\/div>\n<\/div>\n<\/section>\n<\/div>\n<\/article>\n<\/div>\n<\/div>\n<\/div>\n<\/div>\n<\/div>\n<\/div>\n<\/header>\n<\/article>\n<\/div>\n<\/div>\n<\/div>\n<\/div>\n<\/div>\n<\/div>\n<p>A d\u00e9but\u00e9 en janvier 2019 la phase d&rsquo;exp\u00e9rimentation de VILCO. Pour son lancement, des ateliers ont \u00e9t\u00e9 men\u00e9s dans chaque living labs pour identifier les exp\u00e9rimentations qu&rsquo;ils souhaiteraient mener et co-cr\u00e9er leur modalit\u00e9s de mise en \u0153uvre.<\/p>\n<p>Pour trouver l&rsquo;ensemble des exp\u00e9rimentations d\u00e9velopp\u00e9es: <a href=\"http:\/\/vilco.brussels\/wp-content\/uploads\/2019\/05\/UCCLE_exp\u00e9rimentations.pdf\">UCCLE_exp\u00e9rimentations<\/a>.<\/p>\n<h3>2. Chantiers d&rsquo;innovation<\/h3>\n<p>Lors des chantiers d&rsquo;innovation, des ateliers ont \u00e9t\u00e9 men\u00e9s entre les membres des living labs pour \u00e9laborer une cartographie de la collaboration et identifier les turbulences r\u00e9currentes dans chaque living lab.<\/p>\n<p>Vous trouverez les turbulences s\u00e9lectionn\u00e9es \u00e0 Uccle dans <a href=\"http:\/\/vilco.brussels\/wp-content\/uploads\/2019\/05\/VILCO_Turbulences_Uccle.pdf\">ce fichier<\/a>.<\/p>\n<p><a href=\"http:\/\/vilco.brussels\/wp-content\/uploads\/2019\/05\/Slide1.jpeg\"><img loading=\"lazy\" class=\"alignnone size-large wp-image-2834\" src=\"http:\/\/vilco.brussels\/wp-content\/uploads\/2019\/05\/Slide1-1024x709.jpeg\" alt=\"\" width=\"640\" height=\"443\" srcset=\"http:\/\/vilco.brussels\/wp-content\/uploads\/2019\/05\/Slide1-1024x709.jpeg 1024w, http:\/\/vilco.brussels\/wp-content\/uploads\/2019\/05\/Slide1-150x104.jpeg 150w, http:\/\/vilco.brussels\/wp-content\/uploads\/2019\/05\/Slide1-300x208.jpeg 300w, http:\/\/vilco.brussels\/wp-content\/uploads\/2019\/05\/Slide1-768x532.jpeg 768w\" sizes=\"(max-width: 640px) 100vw, 640px\" \/><\/a><\/p>\n<h3>1. Phase d&rsquo;immersion &#8211; visites crois\u00e9es<\/h3>\n<p>Au cours de cette premi\u00e8re phase d&rsquo;immersion, VILCO a organis\u00e9 des visites crois\u00e9es au sein des living labs. Cela a consist\u00e9 en la pr\u00e9sentation mutuelle des acteurs (initiatives citoyennes et commune) dans leur locaux. Ainsi agents de l&rsquo;administration et citoyens ont pu d\u00e9couvrir les actions, mode de fonctionnement et environnement de chacun.<\/p>\n<p><a href=\"http:\/\/vilco.brussels\/wp-content\/uploads\/2019\/05\/PV_Visuel_Uccle.pptx\"><img loading=\"lazy\" class=\"alignnone size-large wp-image-2742\" src=\"http:\/\/vilco.brussels\/wp-content\/uploads\/2019\/05\/1_Visuel_Uccle-1024x768.jpg\" alt=\"\" width=\"640\" height=\"480\" srcset=\"http:\/\/vilco.brussels\/wp-content\/uploads\/2019\/05\/1_Visuel_Uccle-1024x768.jpg 1024w, http:\/\/vilco.brussels\/wp-content\/uploads\/2019\/05\/1_Visuel_Uccle-150x113.jpg 150w, http:\/\/vilco.brussels\/wp-content\/uploads\/2019\/05\/1_Visuel_Uccle-300x225.jpg 300w, http:\/\/vilco.brussels\/wp-content\/uploads\/2019\/05\/1_Visuel_Uccle-768x576.jpg 768w, http:\/\/vilco.brussels\/wp-content\/uploads\/2019\/05\/1_Visuel_Uccle-285x214.jpg 285w\" sizes=\"(max-width: 640px) 100vw, 640px\" \/><\/a><\/p>\n<p>D\u00e9couvrez le d\u00e9roul\u00e9 de la visite crois\u00e9e en ligne dans <a href=\"http:\/\/vilco.brussels\/wp-content\/uploads\/2019\/05\/PV_Visuel_Uccle.pptx\">ce fichier<\/a>.<\/p>\n","protected":false},"excerpt":{"rendered":"<p>4. Exp\u00e9rimentations VILCO N\u00b014 : Rencontres citoyennes dans les quartiers L\u2019exp\u00e9rimentation consiste \u00e0 repenser le format des rencontres de quartier pour qu\u2019il soit plus inclusif. Cette exp\u00e9rimentation sera l\u2019occasion de tester un second sc\u00e9nario par rapport \u00e0 l\u2019exp\u00e9rimentation r\u00e9alis\u00e9 avec la Bruxelles-Ville sur le m\u00eame sujet en avril\/mai 2019. Th\u00e9matique : culture de la participation. <a href=\"http:\/\/vilco.brussels\/?page_id=2741\" rel=\"nofollow\"><span class=\"sr-only\">Read more about Living Lab d&rsquo;Uccle<\/span>[&hellip;]<\/a><\/p>\n","protected":false},"author":1,"featured_media":0,"parent":2816,"menu_order":0,"comment_status":"closed","ping_status":"closed","template":"","meta":[],"_links":{"self":[{"href":"http:\/\/vilco.brussels\/index.php?rest_route=\/wp\/v2\/pages\/2741"}],"collection":[{"href":"http:\/\/vilco.brussels\/index.php?rest_route=\/wp\/v2\/pages"}],"about":[{"href":"http:\/\/vilco.brussels\/index.php?rest_route=\/wp\/v2\/types\/page"}],"author":[{"embeddable":true,"href":"http:\/\/vilco.brussels\/index.php?rest_route=\/wp\/v2\/users\/1"}],"replies":[{"embeddable":true,"href":"http:\/\/vilco.brussels\/index.php?rest_route=%2Fwp%2Fv2%2Fcomments&post=2741"}],"version-history":[{"count":25,"href":"http:\/\/vilco.brussels\/index.php?rest_route=\/wp\/v2\/pages\/2741\/revisions"}],"predecessor-version":[{"id":7759,"href":"http:\/\/vilco.brussels\/index.php?rest_route=\/wp\/v2\/pages\/2741\/revisions\/7759"}],"up":[{"embeddable":true,"href":"http:\/\/vilco.brussels\/index.php?rest_route=\/wp\/v2\/pages\/2816"}],"wp:attachment":[{"href":"http:\/\/vilco.brussels\/index.php?rest_route=%2Fwp%2Fv2%2Fmedia&parent=2741"}],"curies":[{"name":"wp","href":"https:\/\/api.w.org\/{rel}","templated":true}]}}

<h3>4. Expérimentations VILCO</h3>
<h5><span style="color: #2d4664;">N°14 : Rencontres citoyennes dans les quartiers</span></h5>
<p>L’expérimentation consiste à repenser le format des rencontres de quartier pour qu’il soit plus inclusif. Cette expérimentation sera l’occasion de tester un second scénario par rapport à l’expérimentation réalisé avec la Bruxelles-Ville sur le même sujet en avril/mai 2019. Thématique : culture de la participation. <a href="http://vilco.brussels/?page_id=5846">Plus d&rsquo;informations sur l&rsquo;expérimentation VILCO n°14</a>.</p>
<div id="mobilebgfix">
<div>
<div id="content">
<div>
<div>
<div id="primary">
<article id="post-5846">
<header>
<div id="mobilebgfix">
<div>
<div id="content">
<div>
<div>
<div id="primary">
<article id="post-1602">
<div>
<section id="cd-timeline">
<div>
<div>
<div>
<h5><span style="color: #2d4664;">N°15 : Dans les coulisses de l&rsquo;administration<br />
</span></h5>
<p>L’expérimentation consiste à lever le voile sur le fonctionnement de l&rsquo;administration par le biais d&rsquo;un cas pratique de demande adressée à la Commune. Les participants suivent l&rsquo;évolution de cette demande, découvrent les acteurs qui la traitent et les procédures à suivre ainsi que les raison d&rsquo;être de ces dernières. Thématique: projets citoyens. <a href="http://vilco.brussels/?page_id=7750">Plus d&rsquo;informations sur l&rsquo;expérimentation VILCO n°15</a>.</p>
<h3>3. Préparation de la phase d&rsquo;expérimentation</h3>
</div>
</div>
</div>
</section>
</div>
</article>
</div>
</div>
</div>
</div>
</div>
</div>
</header>
</article>
</div>
</div>
</div>
</div>
</div>
</div>
<p>A débuté en janvier 2019 la phase d&rsquo;expérimentation de VILCO. Pour son lancement, des ateliers ont été menés dans chaque living labs pour identifier les expérimentations qu&rsquo;ils souhaiteraient mener et co-créer leur modalités de mise en œuvre.</p>
<p>Pour trouver l&rsquo;ensemble des expérimentations développées: <a href="http://vilco.brussels/wp-content/uploads/2019/05/UCCLE_expérimentations.pdf">UCCLE_expérimentations</a>.</p>
<h3>2. Chantiers d&rsquo;innovation</h3>
<p>Lors des chantiers d&rsquo;innovation, des ateliers ont été menés entre les membres des living labs pour élaborer une cartographie de la collaboration et identifier les turbulences récurrentes dans chaque living lab.</p>
<p>Vous trouverez les turbulences sélectionnées à Uccle dans <a href="http://vilco.brussels/wp-content/uploads/2019/05/VILCO_Turbulences_Uccle.pdf">ce fichier</a>.</p>
<p><a href="http://vilco.brussels/wp-content/uploads/2019/05/Slide1.jpeg"><img loading="lazy" class="alignnone size-large wp-image-2834" src="http://vilco.brussels/wp-content/uploads/2019/05/Slide1-1024x709.jpeg" alt="" width="640" height="443" srcset="http://vilco.brussels/wp-content/uploads/2019/05/Slide1-1024x709.jpeg 1024w, http://vilco.brussels/wp-content/uploads/2019/05/Slide1-150x104.jpeg 150w, http://vilco.brussels/wp-content/uploads/2019/05/Slide1-300x208.jpeg 300w, http://vilco.brussels/wp-content/uploads/2019/05/Slide1-768x532.jpeg 768w" sizes="(max-width: 640px) 100vw, 640px" /></a></p>
<h3>1. Phase d&rsquo;immersion &#8211; visites croisées</h3>
<p>Au cours de cette première phase d&rsquo;immersion, VILCO a organisé des visites croisées au sein des living labs. Cela a consisté en la présentation mutuelle des acteurs (initiatives citoyennes et commune) dans leur locaux. Ainsi agents de l&rsquo;administration et citoyens ont pu découvrir les actions, mode de fonctionnement et environnement de chacun.</p>
<p><a href="http://vilco.brussels/wp-content/uploads/2019/05/PV_Visuel_Uccle.pptx"><img loading="lazy" class="alignnone size-large wp-image-2742" src="http://vilco.brussels/wp-content/uploads/2019/05/1_Visuel_Uccle-1024x768.jpg" alt="" width="640" height="480" srcset="http://vilco.brussels/wp-content/uploads/2019/05/1_Visuel_Uccle-1024x768.jpg 1024w, http://vilco.brussels/wp-content/uploads/2019/05/1_Visuel_Uccle-150x113.jpg 150w, http://vilco.brussels/wp-content/uploads/2019/05/1_Visuel_Uccle-300x225.jpg 300w, http://vilco.brussels/wp-content/uploads/2019/05/1_Visuel_Uccle-768x576.jpg 768w, http://vilco.brussels/wp-content/uploads/2019/05/1_Visuel_Uccle-285x214.jpg 285w" sizes="(max-width: 640px) 100vw, 640px" /></a></p>
<p>Découvrez le déroulé de la visite croisée en ligne dans <a href="http://vilco.brussels/wp-content/uploads/2019/05/PV_Visuel_Uccle.pptx">ce fichier</a>.</p>

<p>4. Expérimentations VILCO N°14 : Rencontres citoyennes dans les quartiers L’expérimentation consiste à repenser le format des rencontres de quartier pour qu’il soit plus inclusif. Cette expérimentation sera l’occasion de tester un second scénario par rapport à l’expérimentation réalisé avec la Bruxelles-Ville sur le même sujet en avril/mai 2019. Thématique : culture de la participation. <a href="http://vilco.brussels/?page_id=2741" rel="nofollow"><span class="sr-only">Read more about Living Lab d&rsquo;Uccle</span>[&hellip;]</a></p>
