{"id":2749,"date":"2019-05-02T14:59:17","date_gmt":"2019-05-02T12:59:17","guid":{"rendered":"http:\/\/vilco.brussels\/?page_id=2749"},"modified":"2019-10-10T10:05:06","modified_gmt":"2019-10-10T08:05:06","slug":"living-lab-de-bruxelles-ville","status":"publish","type":"page","link":"http:\/\/vilco.brussels\/?page_id=2749","title":{"rendered":"Living Lab de Bruxelles ville"},"content":{"rendered":"<h3>4. Exp\u00e9rimentations VILCO<\/h3>\n<h5><span style=\"color: #2d4664;\">N\u00b07 : Mise en r\u00e9seau des laur\u00e9ats de l&rsquo;appel \u00e0 projets 2018 \u00ab\u00a0Initiatives durables\u00a0\u00bb <\/span><a href=\"http:\/\/vilco.brussels\/?p=1572\">Pour en savoir plus.<\/a><\/h5>\n<h5><span style=\"color: #2d4664;\">N\u00b08 : Rencontres de quartiers<\/span><\/h5>\n<p>L\u2019exp\u00e9rimentation consiste en l\u2019accompagnement de la ville de Bruxelles pour mettre en \u0153uvre un nouveau format de rencontre des quartiers. <a href=\"http:\/\/vilco.brussels\/?page_id=5874\">Plus d&rsquo;informations<\/a>.<\/p>\n<h5><span style=\"color: #2d4664;\">N\u00b09 : Usage ponctuel de b\u00e2timents publics<\/span><\/h5>\n<p>L\u2019exp\u00e9rimentation consiste imaginer une mani\u00e8re de communiquer avec les initiatives citoyennes sur la disponibilit\u00e9 des espaces communaux qu&rsquo;elles pourraient occuper temporairement. <a href=\"http:\/\/vilco.brussels\/?page_id=5550\">Plus d&rsquo;informations<\/a>.<\/p>\n<h3>3. Pr\u00e9paration de la phase d\u2019exp\u00e9rimentation<\/h3>\n<p>A d\u00e9but\u00e9 en janvier 2019 la phase d\u2019exp\u00e9rimentation de VILCO. Pour son lancement, des ateliers ont \u00e9t\u00e9 men\u00e9s dans chaque living labs pour identifier les exp\u00e9rimentations qu\u2019ils souhaiteraient mener et co-cr\u00e9er leur modalit\u00e9s de mise en \u0153uvre.<\/p>\n<p>Pour trouver l\u2019ensemble des exp\u00e9rimentations d\u00e9velopp\u00e9es : <a href=\"http:\/\/vilco.brussels\/wp-content\/uploads\/2019\/05\/BXL_exp\u00e9rimentations.pdf\">BXL_exp\u00e9rimentations<\/a>.<\/p>\n<h3>2. Chantiers d&rsquo;innovation<\/h3>\n<p>Lors des chantiers d&rsquo;innovation, des ateliers ont \u00e9t\u00e9 men\u00e9s entre les membres des living labs pour \u00e9laborer une cartographie de la collaboration et identifier les turbulences r\u00e9currentes dans chaque living lab.<\/p>\n<p><a href=\"http:\/\/vilco.brussels\/wp-content\/uploads\/2019\/05\/Slide1-2.jpeg\"><img loading=\"lazy\" class=\"alignnone wp-image-2839 size-large\" src=\"http:\/\/vilco.brussels\/wp-content\/uploads\/2019\/05\/Slide1-2-e1561973107303-1024x436.jpeg\" alt=\"\" width=\"1024\" height=\"436\" srcset=\"http:\/\/vilco.brussels\/wp-content\/uploads\/2019\/05\/Slide1-2-e1561973107303-1024x436.jpeg 1024w, http:\/\/vilco.brussels\/wp-content\/uploads\/2019\/05\/Slide1-2-e1561973107303-150x64.jpeg 150w, http:\/\/vilco.brussels\/wp-content\/uploads\/2019\/05\/Slide1-2-e1561973107303-300x128.jpeg 300w, http:\/\/vilco.brussels\/wp-content\/uploads\/2019\/05\/Slide1-2-e1561973107303-768x327.jpeg 768w\" sizes=\"(max-width: 1024px) 100vw, 1024px\" \/><\/a><\/p>\n<h3>1. Phase d&rsquo;immersion &#8211; visites crois\u00e9es<\/h3>\n<p>Au cours de cette premi\u00e8re phase d&rsquo;immersion, VILCO a organis\u00e9 des visites crois\u00e9es au sein des living labs. Cela a consist\u00e9 en la pr\u00e9sentation mutuelle des acteurs (initiatives citoyennes et commune) dans leur locaux. Ainsi agents de l&rsquo;administration et citoyens ont pu d\u00e9couvrir les actions, mode de fonctionnement et environnement de chacun.<\/p>\n<p><a href=\"http:\/\/vilco.brussels\/wp-content\/uploads\/2019\/05\/PV_Visuel_Bruxelles.pdf\"><img loading=\"lazy\" class=\"alignnone size-large wp-image-2751\" src=\"http:\/\/vilco.brussels\/wp-content\/uploads\/2019\/05\/Visuel_Bruxelles-1024x768.jpg\" alt=\"\" width=\"640\" height=\"480\" srcset=\"http:\/\/vilco.brussels\/wp-content\/uploads\/2019\/05\/Visuel_Bruxelles-1024x768.jpg 1024w, http:\/\/vilco.brussels\/wp-content\/uploads\/2019\/05\/Visuel_Bruxelles-150x113.jpg 150w, http:\/\/vilco.brussels\/wp-content\/uploads\/2019\/05\/Visuel_Bruxelles-300x225.jpg 300w, http:\/\/vilco.brussels\/wp-content\/uploads\/2019\/05\/Visuel_Bruxelles-768x576.jpg 768w, http:\/\/vilco.brussels\/wp-content\/uploads\/2019\/05\/Visuel_Bruxelles-285x214.jpg 285w\" sizes=\"(max-width: 640px) 100vw, 640px\" \/><\/a><\/p>\n<p>D\u00e9couvrir le d\u00e9roul\u00e9 de la visite crois\u00e9e en ligne sur <a href=\"http:\/\/vilco.brussels\/wp-content\/uploads\/2019\/05\/PV_Visuel_Bruxelles-Environnement.pdf\">ce fichier<\/a>.<\/p>\n<p>&nbsp;<\/p>\n<p>&nbsp;<\/p>\n<p>&nbsp;<\/p>\n","protected":false},"excerpt":{"rendered":"<p>4. Exp\u00e9rimentations VILCO N\u00b07 : Mise en r\u00e9seau des laur\u00e9ats de l&rsquo;appel \u00e0 projets 2018 \u00ab\u00a0Initiatives durables\u00a0\u00bb Pour en savoir plus. N\u00b08 : Rencontres de quartiers L\u2019exp\u00e9rimentation consiste en l\u2019accompagnement de la ville de Bruxelles pour mettre en \u0153uvre un nouveau format de rencontre des quartiers. Plus d&rsquo;informations. N\u00b09 : Usage ponctuel de b\u00e2timents publics <a href=\"http:\/\/vilco.brussels\/?page_id=2749\" rel=\"nofollow\"><span class=\"sr-only\">Read more about Living Lab de Bruxelles ville<\/span>[&hellip;]<\/a><\/p>\n","protected":false},"author":1,"featured_media":0,"parent":2816,"menu_order":0,"comment_status":"closed","ping_status":"closed","template":"","meta":[],"_links":{"self":[{"href":"http:\/\/vilco.brussels\/index.php?rest_route=\/wp\/v2\/pages\/2749"}],"collection":[{"href":"http:\/\/vilco.brussels\/index.php?rest_route=\/wp\/v2\/pages"}],"about":[{"href":"http:\/\/vilco.brussels\/index.php?rest_route=\/wp\/v2\/types\/page"}],"author":[{"embeddable":true,"href":"http:\/\/vilco.brussels\/index.php?rest_route=\/wp\/v2\/users\/1"}],"replies":[{"embeddable":true,"href":"http:\/\/vilco.brussels\/index.php?rest_route=%2Fwp%2Fv2%2Fcomments&post=2749"}],"version-history":[{"count":11,"href":"http:\/\/vilco.brussels\/index.php?rest_route=\/wp\/v2\/pages\/2749\/revisions"}],"predecessor-version":[{"id":6109,"href":"http:\/\/vilco.brussels\/index.php?rest_route=\/wp\/v2\/pages\/2749\/revisions\/6109"}],"up":[{"embeddable":true,"href":"http:\/\/vilco.brussels\/index.php?rest_route=\/wp\/v2\/pages\/2816"}],"wp:attachment":[{"href":"http:\/\/vilco.brussels\/index.php?rest_route=%2Fwp%2Fv2%2Fmedia&parent=2749"}],"curies":[{"name":"wp","href":"https:\/\/api.w.org\/{rel}","templated":true}]}}

<h3>4. Expérimentations VILCO</h3>
<h5><span style="color: #2d4664;">N°7 : Mise en réseau des lauréats de l&rsquo;appel à projets 2018 « Initiatives durables » </span><a href="http://vilco.brussels/?p=1572">Pour en savoir plus.</a></h5>
<h5><span style="color: #2d4664;">N°8 : Rencontres de quartiers</span></h5>
<p>L’expérimentation consiste en l’accompagnement de la ville de Bruxelles pour mettre en œuvre un nouveau format de rencontre des quartiers. <a href="http://vilco.brussels/?page_id=5874">Plus d&rsquo;informations</a>.</p>
<h5><span style="color: #2d4664;">N°9 : Usage ponctuel de bâtiments publics</span></h5>
<p>L’expérimentation consiste imaginer une manière de communiquer avec les initiatives citoyennes sur la disponibilité des espaces communaux qu&rsquo;elles pourraient occuper temporairement. <a href="http://vilco.brussels/?page_id=5550">Plus d&rsquo;informations</a>.</p>
<h3>3. Préparation de la phase d’expérimentation</h3>
<p>A débuté en janvier 2019 la phase d’expérimentation de VILCO. Pour son lancement, des ateliers ont été menés dans chaque living labs pour identifier les expérimentations qu’ils souhaiteraient mener et co-créer leur modalités de mise en œuvre.</p>
<p>Pour trouver l’ensemble des expérimentations développées : <a href="http://vilco.brussels/wp-content/uploads/2019/05/BXL_expérimentations.pdf">BXL_expérimentations</a>.</p>
<h3>2. Chantiers d&rsquo;innovation</h3>
<p>Lors des chantiers d&rsquo;innovation, des ateliers ont été menés entre les membres des living labs pour élaborer une cartographie de la collaboration et identifier les turbulences récurrentes dans chaque living lab.</p>
<p><a href="http://vilco.brussels/wp-content/uploads/2019/05/Slide1-2.jpeg"><img loading="lazy" class="alignnone wp-image-2839 size-large" src="http://vilco.brussels/wp-content/uploads/2019/05/Slide1-2-e1561973107303-1024x436.jpeg" alt="" width="1024" height="436" srcset="http://vilco.brussels/wp-content/uploads/2019/05/Slide1-2-e1561973107303-1024x436.jpeg 1024w, http://vilco.brussels/wp-content/uploads/2019/05/Slide1-2-e1561973107303-150x64.jpeg 150w, http://vilco.brussels/wp-content/uploads/2019/05/Slide1-2-e1561973107303-300x128.jpeg 300w, http://vilco.brussels/wp-content/uploads/2019/05/Slide1-2-e1561973107303-768x327.jpeg 768w" sizes="(max-width: 1024px) 100vw, 1024px" /></a></p>
<h3>1. Phase d&rsquo;immersion &#8211; visites croisées</h3>
<p>Au cours de cette première phase d&rsquo;immersion, VILCO a organisé des visites croisées au sein des living labs. Cela a consisté en la présentation mutuelle des acteurs (initiatives citoyennes et commune) dans leur locaux. Ainsi agents de l&rsquo;administration et citoyens ont pu découvrir les actions, mode de fonctionnement et environnement de chacun.</p>
<p><a href="http://vilco.brussels/wp-content/uploads/2019/05/PV_Visuel_Bruxelles.pdf"><img loading="lazy" class="alignnone size-large wp-image-2751" src="http://vilco.brussels/wp-content/uploads/2019/05/Visuel_Bruxelles-1024x768.jpg" alt="" width="640" height="480" srcset="http://vilco.brussels/wp-content/uploads/2019/05/Visuel_Bruxelles-1024x768.jpg 1024w, http://vilco.brussels/wp-content/uploads/2019/05/Visuel_Bruxelles-150x113.jpg 150w, http://vilco.brussels/wp-content/uploads/2019/05/Visuel_Bruxelles-300x225.jpg 300w, http://vilco.brussels/wp-content/uploads/2019/05/Visuel_Bruxelles-768x576.jpg 768w, http://vilco.brussels/wp-content/uploads/2019/05/Visuel_Bruxelles-285x214.jpg 285w" sizes="(max-width: 640px) 100vw, 640px" /></a></p>
<p>Découvrir le déroulé de la visite croisée en ligne sur <a href="http://vilco.brussels/wp-content/uploads/2019/05/PV_Visuel_Bruxelles-Environnement.pdf">ce fichier</a>.</p>
<p>&nbsp;</p>
<p>&nbsp;</p>
<p>&nbsp;</p>

<p>4. Expérimentations VILCO N°7 : Mise en réseau des lauréats de l&rsquo;appel à projets 2018 « Initiatives durables » Pour en savoir plus. N°8 : Rencontres de quartiers L’expérimentation consiste en l’accompagnement de la ville de Bruxelles pour mettre en œuvre un nouveau format de rencontre des quartiers. Plus d&rsquo;informations. N°9 : Usage ponctuel de bâtiments publics <a href="http://vilco.brussels/?page_id=2749" rel="nofollow"><span class="sr-only">Read more about Living Lab de Bruxelles ville</span>[&hellip;]</a></p>
