{"id":2753,"date":"2019-05-02T15:01:06","date_gmt":"2019-05-02T13:01:06","guid":{"rendered":"http:\/\/vilco.brussels\/?page_id=2753"},"modified":"2019-06-27T11:16:42","modified_gmt":"2019-06-27T09:16:42","slug":"living-lab-de-bruxelles-environnement","status":"publish","type":"page","link":"http:\/\/vilco.brussels\/?page_id=2753","title":{"rendered":"Living Lab de Bruxelles Environnement"},"content":{"rendered":"<h3>4. Exp\u00e9rimentations<\/h3>\n<p>&nbsp;<\/p>\n<h3>3. Pr\u00e9paration de la phase d&rsquo;exp\u00e9rimentation<\/h3>\n<p>A d\u00e9but\u00e9 en janvier 2019 la phase d&rsquo;exp\u00e9rimentation de VILCO. Pour son lancement, des ateliers ont \u00e9t\u00e9 men\u00e9s dans chaque living labs pour identifier les exp\u00e9rimentations qu&rsquo;ils souhaiteraient mener et co-cr\u00e9er leur modalit\u00e9s de mise en \u0153uvre.<\/p>\n<p>Pour trouver l&rsquo;ensemble des exp\u00e9rimentations d\u00e9velopp\u00e9es pour Bruxelles Environnement\u00a0 <a href=\"http:\/\/vilco.brussels\/wp-content\/uploads\/2019\/05\/Vilco_-Liste-des-Expe\u0301rimentations-des-5-Living-Labs.pdf\">cliquez ici<\/a>.<\/p>\n<p><a href=\"http:\/\/vilco.brussels\/?p=2789\"><img loading=\"lazy\" class=\"alignnone size-large wp-image-2807\" src=\"http:\/\/vilco.brussels\/wp-content\/uploads\/2019\/05\/IMG_5571-1024x768.jpg\" alt=\"\" width=\"640\" height=\"480\" srcset=\"http:\/\/vilco.brussels\/wp-content\/uploads\/2019\/05\/IMG_5571-1024x768.jpg 1024w, http:\/\/vilco.brussels\/wp-content\/uploads\/2019\/05\/IMG_5571-150x113.jpg 150w, http:\/\/vilco.brussels\/wp-content\/uploads\/2019\/05\/IMG_5571-300x225.jpg 300w, http:\/\/vilco.brussels\/wp-content\/uploads\/2019\/05\/IMG_5571-768x576.jpg 768w, http:\/\/vilco.brussels\/wp-content\/uploads\/2019\/05\/IMG_5571-285x214.jpg 285w\" sizes=\"(max-width: 640px) 100vw, 640px\" \/><\/a><\/p>\n<h3>2. Chantiers d&rsquo;innovation<\/h3>\n<p>Lors des chantiers d&rsquo;innovation, des ateliers ont \u00e9t\u00e9 men\u00e9s entre les membres des living labs pour \u00e9laborer une cartographie de la collaboration et identifier les turbulences r\u00e9currentes dans chaque living lab.<\/p>\n<p><img loading=\"lazy\" class=\"alignnone wp-image-2780\" src=\"http:\/\/vilco.brussels\/wp-content\/uploads\/2019\/05\/IMG_4084-1024x768.jpg\" alt=\"\" width=\"635\" height=\"476\" srcset=\"http:\/\/vilco.brussels\/wp-content\/uploads\/2019\/05\/IMG_4084-1024x768.jpg 1024w, http:\/\/vilco.brussels\/wp-content\/uploads\/2019\/05\/IMG_4084-150x113.jpg 150w, http:\/\/vilco.brussels\/wp-content\/uploads\/2019\/05\/IMG_4084-300x225.jpg 300w, http:\/\/vilco.brussels\/wp-content\/uploads\/2019\/05\/IMG_4084-768x576.jpg 768w, http:\/\/vilco.brussels\/wp-content\/uploads\/2019\/05\/IMG_4084-285x214.jpg 285w\" sizes=\"(max-width: 635px) 100vw, 635px\" \/><a href=\"http:\/\/vilco.brussels\/wp-content\/uploads\/2019\/05\/Slide1-1.jpeg\"><img loading=\"lazy\" class=\"alignnone size-large wp-image-2836\" src=\"http:\/\/vilco.brussels\/wp-content\/uploads\/2019\/05\/Slide1-1-1024x709.jpeg\" alt=\"\" width=\"640\" height=\"443\" srcset=\"http:\/\/vilco.brussels\/wp-content\/uploads\/2019\/05\/Slide1-1-1024x709.jpeg 1024w, http:\/\/vilco.brussels\/wp-content\/uploads\/2019\/05\/Slide1-1-150x104.jpeg 150w, http:\/\/vilco.brussels\/wp-content\/uploads\/2019\/05\/Slide1-1-300x208.jpeg 300w, http:\/\/vilco.brussels\/wp-content\/uploads\/2019\/05\/Slide1-1-768x532.jpeg 768w\" sizes=\"(max-width: 640px) 100vw, 640px\" \/><\/a><a href=\"http:\/\/vilco.brussels\/wp-content\/uploads\/2019\/05\/Slide2.jpeg\"><img loading=\"lazy\" class=\"alignnone size-large wp-image-2837\" src=\"http:\/\/vilco.brussels\/wp-content\/uploads\/2019\/05\/Slide2-1024x709.jpeg\" alt=\"\" width=\"640\" height=\"443\" srcset=\"http:\/\/vilco.brussels\/wp-content\/uploads\/2019\/05\/Slide2-1024x709.jpeg 1024w, http:\/\/vilco.brussels\/wp-content\/uploads\/2019\/05\/Slide2-150x104.jpeg 150w, http:\/\/vilco.brussels\/wp-content\/uploads\/2019\/05\/Slide2-300x208.jpeg 300w, http:\/\/vilco.brussels\/wp-content\/uploads\/2019\/05\/Slide2-768x532.jpeg 768w\" sizes=\"(max-width: 640px) 100vw, 640px\" \/><\/a><\/p>\n<p>Vous trouverez les turbulences s\u00e9lectionn\u00e9es \u00e0 Bruxelles Environnement dans <a href=\"http:\/\/vilco.brussels\/wp-content\/uploads\/2019\/05\/VILCO_Turbulences_BxlEnv.pdf\">ce fichier<\/a>.<\/p>\n<h3>1. Phase d&rsquo;immersion &#8211; visites crois\u00e9es<\/h3>\n<p>Au cours de cette premi\u00e8re phase d&rsquo;immersion, VILCO a organis\u00e9 des visites crois\u00e9es au sein des living labs. Cela a consist\u00e9 en la pr\u00e9sentation mutuelle des acteurs (initiatives citoyennes et commune) dans leur locaux. Ainsi agents de l&rsquo;administration et citoyens ont pu d\u00e9couvrir les actions, mode de fonctionnement et environnement de chacun.<\/p>\n<p><a href=\"http:\/\/vilco.brussels\/wp-content\/uploads\/2019\/05\/PV_Visuel_Bruxelles-Environnement.pdf\"><img loading=\"lazy\" class=\"alignnone size-large wp-image-2755\" src=\"http:\/\/vilco.brussels\/wp-content\/uploads\/2019\/05\/Visuel_Bruxelles-Environnement-1024x768.jpg\" alt=\"\" width=\"640\" height=\"480\" srcset=\"http:\/\/vilco.brussels\/wp-content\/uploads\/2019\/05\/Visuel_Bruxelles-Environnement-1024x768.jpg 1024w, http:\/\/vilco.brussels\/wp-content\/uploads\/2019\/05\/Visuel_Bruxelles-Environnement-150x113.jpg 150w, http:\/\/vilco.brussels\/wp-content\/uploads\/2019\/05\/Visuel_Bruxelles-Environnement-300x225.jpg 300w, http:\/\/vilco.brussels\/wp-content\/uploads\/2019\/05\/Visuel_Bruxelles-Environnement-768x576.jpg 768w, http:\/\/vilco.brussels\/wp-content\/uploads\/2019\/05\/Visuel_Bruxelles-Environnement-285x214.jpg 285w\" sizes=\"(max-width: 640px) 100vw, 640px\" \/><\/a><\/p>\n<p>D\u00e9couvrez le d\u00e9roul\u00e9 de la visite crois\u00e9e en ligne dans <a href=\"http:\/\/vilco.brussels\/wp-content\/uploads\/2019\/05\/PV_Visuel_Bruxelles-Environnement.pdf\">ce fichier<\/a>.<\/p>\n<h2><\/h2>\n","protected":false},"excerpt":{"rendered":"<p>4. Exp\u00e9rimentations &nbsp; 3. Pr\u00e9paration de la phase d&rsquo;exp\u00e9rimentation A d\u00e9but\u00e9 en janvier 2019 la phase d&rsquo;exp\u00e9rimentation de VILCO. Pour son lancement, des ateliers ont \u00e9t\u00e9 men\u00e9s dans chaque living labs pour identifier les exp\u00e9rimentations qu&rsquo;ils souhaiteraient mener et co-cr\u00e9er leur modalit\u00e9s de mise en \u0153uvre. Pour trouver l&rsquo;ensemble des exp\u00e9rimentations d\u00e9velopp\u00e9es pour Bruxelles Environnement\u00a0 <a href=\"http:\/\/vilco.brussels\/?page_id=2753\" rel=\"nofollow\"><span class=\"sr-only\">Read more about Living Lab de Bruxelles Environnement<\/span>[&hellip;]<\/a><\/p>\n","protected":false},"author":1,"featured_media":0,"parent":2816,"menu_order":0,"comment_status":"closed","ping_status":"closed","template":"","meta":[],"_links":{"self":[{"href":"http:\/\/vilco.brussels\/index.php?rest_route=\/wp\/v2\/pages\/2753"}],"collection":[{"href":"http:\/\/vilco.brussels\/index.php?rest_route=\/wp\/v2\/pages"}],"about":[{"href":"http:\/\/vilco.brussels\/index.php?rest_route=\/wp\/v2\/types\/page"}],"author":[{"embeddable":true,"href":"http:\/\/vilco.brussels\/index.php?rest_route=\/wp\/v2\/users\/1"}],"replies":[{"embeddable":true,"href":"http:\/\/vilco.brussels\/index.php?rest_route=%2Fwp%2Fv2%2Fcomments&post=2753"}],"version-history":[{"count":14,"href":"http:\/\/vilco.brussels\/index.php?rest_route=\/wp\/v2\/pages\/2753\/revisions"}],"predecessor-version":[{"id":2781,"href":"http:\/\/vilco.brussels\/index.php?rest_route=\/wp\/v2\/pages\/2753\/revisions\/2781"}],"up":[{"embeddable":true,"href":"http:\/\/vilco.brussels\/index.php?rest_route=\/wp\/v2\/pages\/2816"}],"wp:attachment":[{"href":"http:\/\/vilco.brussels\/index.php?rest_route=%2Fwp%2Fv2%2Fmedia&parent=2753"}],"curies":[{"name":"wp","href":"https:\/\/api.w.org\/{rel}","templated":true}]}}