{"id":4081,"date":"2019-07-26T11:14:01","date_gmt":"2019-07-26T09:14:01","guid":{"rendered":"http:\/\/vilco.brussels\/?page_id=4081"},"modified":"2020-06-17T16:29:19","modified_gmt":"2020-06-17T14:29:19","slug":"experimentation-4-budgets-participatifs","status":"publish","type":"page","link":"http:\/\/vilco.brussels\/?page_id=4081","title":{"rendered":"Exp\u00e9rimentation 4 &#8211; Budgets participatifs"},"content":{"rendered":"<div id=\"mobilebgfix\">\n<div class=\"mobile-bg-fix-whole-site\">\n<div id=\"content\" class=\"site-content\">\n<div class=\"container\">\n<div class=\"content-left-wrap col-md-9\">\n<div id=\"primary\" class=\"content-area\">\n<div>Cycle d&rsquo;\u00e9changes, de formations et d&rsquo;ateliers, ouvert \u00e0 toutes les dynamiques locales<br \/>\nTh\u00e9matique : Budgets participatifs<\/div>\n<article id=\"post-4001\">\n<h3><\/h3>\n<h3>Probl\u00e9matique de d\u00e9part<\/h3>\n<p>Comment permettre la r\u00e9appropriation des finances publiques par les citoyens ? Si nous voulons imaginer les villes r\u00e9silientes de demain, explorer ce type de collaboration et la cod\u00e9cision sur des enjeux communs nous semble essentiel.<\/p>\n<h3>Plut\u00f4t qu&rsquo;une exp\u00e9rimentation, un cycle d&rsquo;\u00e9changes et de formations ouvert \u00e0 toutes les dynamiques locales<\/h3>\n<p>Le th\u00e8me du Budget participatif a \u00e9merg\u00e9 \u00e0 plusieurs reprises lors des ateliers et groupes de travail VILCO. Il int\u00e9resse autant qu&rsquo;il intrigue et sa mise en \u0153uvre semble parfois complexe. Pour explorer les potentiels, saisir les enjeux de ce vaste sujet et envisager sa mise en \u0153uvre, l\u2019\u00e9quipe VILCO s\u2019associe \u00e0 <a href=\"https:\/\/periferia.be\/\">Periferia<\/a> et propose un cycle de rencontres sur les budgets participatifs.<\/p>\n<h3>Concr\u00e8tement&#8230;<\/h3>\n<h5><strong>Cin\u00e9-Rencontre\u00a0 \u00ab\u00a0Les budgets participatif: une douce r\u00e9volution?\u00a0\u00bb<\/strong><\/h5>\n<\/article>\n<article id=\"post-4001\" class=\"post-4001 page type-page status-publish hentry\">\n<div class=\"entry-content\">\n<p>S&rsquo;appuyant sur des exp\u00e9riences venant du Portugal, Br\u00e9sil, Royaume-Uni ou encore de la Colombie, ce documentaire de Pierre Stoeber et Giovanni Allegretti (2015, 42&prime;), explore les diff\u00e9rentes facettes des budgets participatifs. Film en portugais avec sous-titres en fran\u00e7ais<strong>. <\/strong>Mardi 29 octobre 2019<strong>, <\/strong>de 19h30 \u00e0 22h00, H\u00f4tel de Ville (salle de l&rsquo;Europe), place Van Meenen 39 \u00e0 1060 Saint-Gilles.\u00a0 <a href=\"https:\/\/periferia.be\/cine-rencontres-les-budgets-participatifs-une-douce-revolution\/\">Plus d\u2019informations <\/a><a href=\"https:\/\/periferia.be\/cine-rencontres-les-budgets-participatifs-une-douce-revolution\/\">ici<\/a>.<\/p>\n<h5><img loading=\"lazy\" class=\"alignleft wp-image-6267 size-medium\" src=\"http:\/\/vilco.brussels\/wp-content\/uploads\/2019\/07\/BP2-200x300.jpg\" alt=\"\" width=\"200\" height=\"300\" srcset=\"http:\/\/vilco.brussels\/wp-content\/uploads\/2019\/07\/BP2-200x300.jpg 200w, http:\/\/vilco.brussels\/wp-content\/uploads\/2019\/07\/BP2-100x150.jpg 100w, http:\/\/vilco.brussels\/wp-content\/uploads\/2019\/07\/BP2.jpg 300w\" sizes=\"(max-width: 200px) 100vw, 200px\" \/><strong>Conf\u00e9rence-d\u00e9bat avec <a href=\"https:\/\/www.ucl.ac.uk\/bartlett\/development\/prof-yves-cabannes\">Yves Cabannes<\/a> (expert international des budgets participatifs)<\/strong><\/h5>\n<p>Les enjeux identifi\u00e9s pr\u00e9c\u00e9demment en d\u00e9couvrant des exp\u00e9riences mises en \u0153uvre sur les cinq continents. Mardi 12 novembre 2019, de 19h00 \u00e0 22h00, Mundo B, rue d&rsquo;Edinbourg 26 \u00e0 1050 Ixelles. <a href=\"https:\/\/periferia.be\/novembre-2019-conferences\/\">Inscriptions ici<\/a>.<\/p>\n<h5><strong>Atelier multi-acteurs \u00ab\u00a0Rendre un budget communal participatif et cog\u00e9r\u00e9\u00a0\u00bb<\/strong><\/h5>\n<p>Moment d\u2019outillage en pr\u00e9sence d&rsquo;Yves Cabannes pour apporter des r\u00e9ponses \u00e0 des questions pr\u00e9cises. Jeudi 14 novembre 2019, de 16h00 \u00e0 21h00, Pianofabriek (Salle Casablanca), Fortstraat 35 \u00e0 1060 Saint-Gilles. <a href=\"https:\/\/periferia.be\/ateliers-pratiques-comment-concevoir-et-mettre-en-oeuvre-un-budget-participatif\/\">Inscriptions ici<\/a>. !!! Attention nombre de places limit\u00e9 !!!<\/p>\n<p>Periferia poursuivra la r\u00e9flexion avec les acteurs int\u00e9ress\u00e9s en programmant d\u2019autres moments d\u00e8s 2020 pour approfondir des questions sp\u00e9cifiques, \u00e9changer avec des exp\u00e9riences en cours et imaginer leur mise en \u0153uvre dans le contexte bruxellois\u2026<a href=\"https:\/\/periferia.be\/cycle-autour-des-budgets-participatifs\/\">Pour en savoir plus sur le cycle \u00ab\u00a0budgets participatifs\u00a0\u00bb<\/a>.<\/p>\n<h3>Documents<\/h3>\n<div id=\"mobilebgfix\">\n<div>\n<div id=\"content\">\n<div>\n<div>\n<div id=\"primary\">\n<article id=\"post-7269\">\n<header><a href=\"http:\/\/vilco.brussels\/wp-content\/uploads\/2019\/11\/Expo-BP_Vilco.pdf\">Cas Inspirants de budgets participatifs dans des villes europ\u00e9ennes<\/a> par Lucia Aboutaoufik (<a href=\"https:\/\/www.21solutions.eu\/\">21 Solutions<\/a>) avec l\u2019appui de <a href=\"https:\/\/periferia.be\/\">Periferia<\/a>.\u00a0<a href=\"https:\/\/periferia.be\/db-bp\/\">Lien vers la base de donn\u00e9es<\/a> de Periferia sur les budgets participatifs.<\/header>\n<header><a href=\"http:\/\/vilco.brussels\/wp-content\/uploads\/2020\/06\/CB_Experimentation4.pdf\">Carnet de bord de l&rsquo;exp\u00e9rimentation.<\/a><\/header>\n<header><\/header>\n<header><\/header>\n<header>Pr\u00e9sentation d&rsquo;Yves Cabannes<\/header>\n<\/article>\n<header><a href=\"http:\/\/vilco.brussels\/wp-content\/uploads\/2019\/07\/FINAL-CONF-AVEC-SOURCES_cabannes.pdf\"><img loading=\"lazy\" class=\"alignnone wp-image-7299 size-medium\" src=\"http:\/\/vilco.brussels\/wp-content\/uploads\/2019\/07\/BP_YC-300x222.jpg\" alt=\"\" width=\"300\" height=\"222\" srcset=\"http:\/\/vilco.brussels\/wp-content\/uploads\/2019\/07\/BP_YC-300x222.jpg 300w, http:\/\/vilco.brussels\/wp-content\/uploads\/2019\/07\/BP_YC-150x111.jpg 150w, http:\/\/vilco.brussels\/wp-content\/uploads\/2019\/07\/BP_YC.jpg 676w\" sizes=\"(max-width: 300px) 100vw, 300px\" \/><\/a><\/header>\n<\/div>\n<\/div>\n<h3>T\u00e9moignages<\/h3>\n<p>D&rsquo;Yves Cabannes<br \/>\n<iframe loading=\"lazy\" src=\"https:\/\/player.vimeo.com\/video\/375636710\" width=\"640\" height=\"364\" frameborder=\"0\" allowfullscreen=\"allowfullscreen\"><\/iframe><\/p>\n<p>Des participants \u00e0 l&rsquo;atelier du 14 novembre 2019<br \/>\n<iframe loading=\"lazy\" src=\"https:\/\/player.vimeo.com\/video\/375630569\" width=\"640\" height=\"364\" frameborder=\"0\" allowfullscreen=\"allowfullscreen\"><\/iframe><\/p>\n<h3>Outils<\/h3>\n<p><a href=\"http:\/\/vilco.brussels\/wp-content\/uploads\/2019\/07\/PlateauJeuBP.pdf\">Plateau et r\u00e8gles du jeu sur les budgets participatifs<\/a>.<\/p>\n<\/div>\n<\/div>\n<\/div>\n<\/div>\n<\/div>\n<\/article>\n<\/div>\n<\/div>\n<\/div>\n<\/div>\n<\/div>\n<\/div>\n","protected":false},"excerpt":{"rendered":"<p>Cycle d&rsquo;\u00e9changes, de formations et d&rsquo;ateliers, ouvert \u00e0 toutes les dynamiques locales Th\u00e9matique : Budgets participatifs Probl\u00e9matique de d\u00e9part Comment permettre la r\u00e9appropriation des finances publiques par les citoyens ? Si nous voulons imaginer les villes r\u00e9silientes de demain, explorer ce type de collaboration et la cod\u00e9cision sur des enjeux communs nous semble essentiel. Plut\u00f4t <a href=\"http:\/\/vilco.brussels\/?page_id=4081\" rel=\"nofollow\"><span class=\"sr-only\">Read more about Exp\u00e9rimentation 4 &#8211; Budgets participatifs<\/span>[&hellip;]<\/a><\/p>\n","protected":false},"author":1,"featured_media":0,"parent":3563,"menu_order":0,"comment_status":"closed","ping_status":"closed","template":"","meta":[],"_links":{"self":[{"href":"http:\/\/vilco.brussels\/index.php?rest_route=\/wp\/v2\/pages\/4081"}],"collection":[{"href":"http:\/\/vilco.brussels\/index.php?rest_route=\/wp\/v2\/pages"}],"about":[{"href":"http:\/\/vilco.brussels\/index.php?rest_route=\/wp\/v2\/types\/page"}],"author":[{"embeddable":true,"href":"http:\/\/vilco.brussels\/index.php?rest_route=\/wp\/v2\/users\/1"}],"replies":[{"embeddable":true,"href":"http:\/\/vilco.brussels\/index.php?rest_route=%2Fwp%2Fv2%2Fcomments&post=4081"}],"version-history":[{"count":22,"href":"http:\/\/vilco.brussels\/index.php?rest_route=\/wp\/v2\/pages\/4081\/revisions"}],"predecessor-version":[{"id":10098,"href":"http:\/\/vilco.brussels\/index.php?rest_route=\/wp\/v2\/pages\/4081\/revisions\/10098"}],"up":[{"embeddable":true,"href":"http:\/\/vilco.brussels\/index.php?rest_route=\/wp\/v2\/pages\/3563"}],"wp:attachment":[{"href":"http:\/\/vilco.brussels\/index.php?rest_route=%2Fwp%2Fv2%2Fmedia&parent=4081"}],"curies":[{"name":"wp","href":"https:\/\/api.w.org\/{rel}","templated":true}]}}

Expérimentation 4 &#8211; Budgets participatifs

<div id="mobilebgfix">
<div class="mobile-bg-fix-whole-site">
<div id="content" class="site-content">
<div class="container">
<div class="content-left-wrap col-md-9">
<div id="primary" class="content-area">
<div>Cycle d&rsquo;échanges, de formations et d&rsquo;ateliers, ouvert à toutes les dynamiques locales<br />
Thématique : Budgets participatifs</div>
<article id="post-4001">
<h3></h3>
<h3>Problématique de départ</h3>
<p>Comment permettre la réappropriation des finances publiques par les citoyens ? Si nous voulons imaginer les villes résilientes de demain, explorer ce type de collaboration et la codécision sur des enjeux communs nous semble essentiel.</p>
<h3>Plutôt qu&rsquo;une expérimentation, un cycle d&rsquo;échanges et de formations ouvert à toutes les dynamiques locales</h3>
<p>Le thème du Budget participatif a émergé à plusieurs reprises lors des ateliers et groupes de travail VILCO. Il intéresse autant qu&rsquo;il intrigue et sa mise en œuvre semble parfois complexe. Pour explorer les potentiels, saisir les enjeux de ce vaste sujet et envisager sa mise en œuvre, l’équipe VILCO s’associe à <a href="https://periferia.be/">Periferia</a> et propose un cycle de rencontres sur les budgets participatifs.</p>
<h3>Concrètement&#8230;</h3>
<h5><strong>Ciné-Rencontre  « Les budgets participatif: une douce révolution? »</strong></h5>
</article>
<article id="post-4001" class="post-4001 page type-page status-publish hentry">
<div class="entry-content">
<p>S&rsquo;appuyant sur des expériences venant du Portugal, Brésil, Royaume-Uni ou encore de la Colombie, ce documentaire de Pierre Stoeber et Giovanni Allegretti (2015, 42&prime;), explore les différentes facettes des budgets participatifs. Film en portugais avec sous-titres en français<strong>. </strong>Mardi 29 octobre 2019<strong>, </strong>de 19h30 à 22h00, Hôtel de Ville (salle de l&rsquo;Europe), place Van Meenen 39 à 1060 Saint-Gilles.  <a href="https://periferia.be/cine-rencontres-les-budgets-participatifs-une-douce-revolution/">Plus d’informations </a><a href="https://periferia.be/cine-rencontres-les-budgets-participatifs-une-douce-revolution/">ici</a>.</p>
<h5><img loading="lazy" class="alignleft wp-image-6267 size-medium" src="http://vilco.brussels/wp-content/uploads/2019/07/BP2-200x300.jpg" alt="" width="200" height="300" srcset="http://vilco.brussels/wp-content/uploads/2019/07/BP2-200x300.jpg 200w, http://vilco.brussels/wp-content/uploads/2019/07/BP2-100x150.jpg 100w, http://vilco.brussels/wp-content/uploads/2019/07/BP2.jpg 300w" sizes="(max-width: 200px) 100vw, 200px" /><strong>Conférence-débat avec <a href="https://www.ucl.ac.uk/bartlett/development/prof-yves-cabannes">Yves Cabannes</a> (expert international des budgets participatifs)</strong></h5>
<p>Les enjeux identifiés précédemment en découvrant des expériences mises en œuvre sur les cinq continents. Mardi 12 novembre 2019, de 19h00 à 22h00, Mundo B, rue d&rsquo;Edinbourg 26 à 1050 Ixelles. <a href="https://periferia.be/novembre-2019-conferences/">Inscriptions ici</a>.</p>
<h5><strong>Atelier multi-acteurs « Rendre un budget communal participatif et cogéré »</strong></h5>
<p>Moment d’outillage en présence d&rsquo;Yves Cabannes pour apporter des réponses à des questions précises. Jeudi 14 novembre 2019, de 16h00 à 21h00, Pianofabriek (Salle Casablanca), Fortstraat 35 à 1060 Saint-Gilles. <a href="https://periferia.be/ateliers-pratiques-comment-concevoir-et-mettre-en-oeuvre-un-budget-participatif/">Inscriptions ici</a>. !!! Attention nombre de places limité !!!</p>
<p>Periferia poursuivra la réflexion avec les acteurs intéressés en programmant d’autres moments dès 2020 pour approfondir des questions spécifiques, échanger avec des expériences en cours et imaginer leur mise en œuvre dans le contexte bruxellois…<a href="https://periferia.be/cycle-autour-des-budgets-participatifs/">Pour en savoir plus sur le cycle « budgets participatifs »</a>.</p>
<h3>Documents</h3>
<div id="mobilebgfix">
<div>
<div id="content">
<div>
<div>
<div id="primary">
<article id="post-7269">
<header><a href="http://vilco.brussels/wp-content/uploads/2019/11/Expo-BP_Vilco.pdf">Cas Inspirants de budgets participatifs dans des villes européennes</a> par Lucia Aboutaoufik (<a href="https://www.21solutions.eu/">21 Solutions</a>) avec l’appui de <a href="https://periferia.be/">Periferia</a>. <a href="https://periferia.be/db-bp/">Lien vers la base de données</a> de Periferia sur les budgets participatifs.</header>
<header><a href="http://vilco.brussels/wp-content/uploads/2020/06/CB_Experimentation4.pdf">Carnet de bord de l&rsquo;expérimentation.</a></header>
<header></header>
<header></header>
<header>Présentation d&rsquo;Yves Cabannes</header>
</article>
<header><a href="http://vilco.brussels/wp-content/uploads/2019/07/FINAL-CONF-AVEC-SOURCES_cabannes.pdf"><img loading="lazy" class="alignnone wp-image-7299 size-medium" src="http://vilco.brussels/wp-content/uploads/2019/07/BP_YC-300x222.jpg" alt="" width="300" height="222" srcset="http://vilco.brussels/wp-content/uploads/2019/07/BP_YC-300x222.jpg 300w, http://vilco.brussels/wp-content/uploads/2019/07/BP_YC-150x111.jpg 150w, http://vilco.brussels/wp-content/uploads/2019/07/BP_YC.jpg 676w" sizes="(max-width: 300px) 100vw, 300px" /></a></header>
</div>
</div>
<h3>Témoignages</h3>
<p>D&rsquo;Yves Cabannes<br />
<iframe loading="lazy" src="https://player.vimeo.com/video/375636710" width="640" height="364" frameborder="0" allowfullscreen="allowfullscreen"></iframe></p>
<p>Des participants à l&rsquo;atelier du 14 novembre 2019<br />
<iframe loading="lazy" src="https://player.vimeo.com/video/375630569" width="640" height="364" frameborder="0" allowfullscreen="allowfullscreen"></iframe></p>
<h3>Outils</h3>
<p><a href="http://vilco.brussels/wp-content/uploads/2019/07/PlateauJeuBP.pdf">Plateau et règles du jeu sur les budgets participatifs</a>.</p>
</div>
</div>
</div>
</div>
</div>
</article>
</div>
</div>
</div>
</div>
</div>
</div>

<p>Cycle d&rsquo;échanges, de formations et d&rsquo;ateliers, ouvert à toutes les dynamiques locales Thématique : Budgets participatifs Problématique de départ Comment permettre la réappropriation des finances publiques par les citoyens ? Si nous voulons imaginer les villes résilientes de demain, explorer ce type de collaboration et la codécision sur des enjeux communs nous semble essentiel. Plutôt <a href="http://vilco.brussels/?page_id=4081" rel="nofollow"><span class="sr-only">Read more about Expérimentation 4 &#8211; Budgets participatifs</span>[&hellip;]</a></p>
