{"id":5874,"date":"2019-10-03T14:42:39","date_gmt":"2019-10-03T12:42:39","guid":{"rendered":"http:\/\/vilco.brussels\/?page_id=5874"},"modified":"2020-06-17T17:09:28","modified_gmt":"2020-06-17T15:09:28","slug":"experimentation-8-rencontre-des-quartiers-a-la-ville-de-bruxelles","status":"publish","type":"page","link":"http:\/\/vilco.brussels\/?page_id=5874","title":{"rendered":"Exp\u00e9rimentation 8 &#8211; Rencontre des quartiers \u00e0 la Ville de Bruxelles"},"content":{"rendered":"<p><img loading=\"lazy\" class=\"size-full wp-image-5882 aligncenter\" src=\"http:\/\/vilco.brussels\/wp-content\/uploads\/2019\/10\/Exp8_Bxl.png\" alt=\"\" width=\"340\" height=\"397\" srcset=\"http:\/\/vilco.brussels\/wp-content\/uploads\/2019\/10\/Exp8_Bxl.png 340w, http:\/\/vilco.brussels\/wp-content\/uploads\/2019\/10\/Exp8_Bxl-128x150.png 128w, http:\/\/vilco.brussels\/wp-content\/uploads\/2019\/10\/Exp8_Bxl-257x300.png 257w\" sizes=\"(max-width: 340px) 100vw, 340px\" \/><\/p>\n<p>Dynamique locale : <span style=\"color: #2d4664;\"><strong>Ville de Bruxelles<\/strong><\/span> (Bruxelles Participation et 1000 BXL en Transition)<br \/>Th\u00e9matique : <span style=\"color: #ed6429;\"><strong>Culture de la participation<\/strong><\/span><\/p>\n<h3>Probl\u00e9matique de d\u00e9part<\/h3>\n<p>Avant de collaborer, il est utile que les pouvoirs publics et les initiatives citoyennes se rencontrent, fassent connaissance. Quel est le programme des uns ? Quels sont les besoins et aspirations des autres ? Traditionnellement, les mandataires locaux organisent une &lsquo;tourn\u00e9e&rsquo; des quartiers pour aller \u00e0 la rencontre des citoyens. C\u2019est ce que le nouveau Coll\u00e8ge des Bourgmestre et \u00c9chevins de la Ville de Bruxelles s\u2019est engag\u00e9 \u00e0 faire avec pas moins de 9 rendez-vous de mars \u00e0 mai 2019.<\/p>\n<p>Toutefois, le format utilis\u00e9 par le pass\u00e9 \u2013 les \u00e9lus sur une estrade d\u2019un c\u00f4t\u00e9 et les citoyens assis dans la salle de l\u2019autre \u2013 a montr\u00e9 ses limites. Loin d\u2019encourager les \u00e9changes, ce face-\u00e0-face tournait trop souvent \u00e0 la confrontation, les politiques se retrouvant en position d\u00e9fensive, de justification, et les citoyens, dans une posture critique, de plainte. Il arrivait de plus que les d\u00e9bats et l\u2019assembl\u00e9e enti\u00e8re soient monopolis\u00e9s par des questions particuli\u00e8res, qui ne concernent qu\u2019un seul des \u00e9lus pr\u00e9sents et qu\u2019une poign\u00e9e d\u2019habitants hautement mobilis\u00e9s.<\/p>\n<p>En mars 2019, la ville de Bruxelles a d\u00e9cid\u00e9 de co-construire avec VILCO un nouveau format pour ces \u2018Rencontres des quartiers\u2019 et de cibler davantage leurs objectifs : faire connaissance, \u00e9couter ce qui se vit dans les quartiers et \u00e9changer les id\u00e9es des uns et des autres \u00e0 propos des enjeux.<\/p>\n<div id=\"mobilebgfix\">\u00a0<\/div>\n<h3>Objectif(s) de l\u2019exp\u00e9rimentation<\/h3>\n<p>Tester cette nouvelle forme de &lsquo;Rencontres des quartiers&rsquo; en v\u00e9rifiant que :<\/p>\n<ul>\n<li>les \u2018Rencontres citoyenne dans les quartiers\u2019 <strong>atteignent bien leurs objectifs<\/strong> (faire connaissance, \u00e9couter, \u00e9changer les id\u00e9es sur les enjeux du quartier) ;<\/li>\n<li>ces rencontres constituent une <strong>base int\u00e9ressante pour une collaboration future<\/strong> entre initiatives citoyennes et pouvoirs publics locaux.<\/li>\n<\/ul>\n<h3>Plus concr\u00e8tement<\/h3>\n<p>L\u2019\u00e9quipe VILCO assiste en tant qu&rsquo;observateur \u00e0 la premi\u00e8re rencontre (quartier Senne, le 19 mars) et co-construit avec Bruxelles Participation une nouvelle m\u00e9thodologie dans le courant du mois d&rsquo;avril.<\/p>\n<p>La m\u00e9thodologie est pr\u00e9sent\u00e9e aux \u00e9lus lors d\u2019une s\u00e9ance de Coll\u00e8ge des Bourgmestre et \u00c9chevins et l\u2019\u00e9quipe VILCO les accompagne de mani\u00e8re d\u00e9gressive lors de trois &lsquo;Rencontres des quartiers&rsquo;.<\/p>\n<p>Les Ville de Bruxelles (\u00c9chevin de la &lsquo;participation citoyenne&rsquo;, son cabinet et Bruxelles Participation) \u00e9value avec l&rsquo;\u00e9quipe VILCO cette nouvelle forme de rencontres, la m\u00e9thodologie et les outils propos\u00e9s en support.<\/p>\n<h3>O\u00f9 et quand ?<\/h3>\n<ul>\n<li>Mardi <strong>19 mars,<\/strong> de 19h \u00e0 21h : <strong>Senne<\/strong> (Alhambra, Porte du Rivage, B\u00e9guinage, Sainte-Catherine, Rempart des Moines, Fontainas, Anneessens).<\/li>\n<li>Mercredi <strong>24 avril<\/strong>, de 19h \u00e0 21h : <strong>Laeken<\/strong> (Cit\u00e9s, Heysel, Mutsaard, Parc de Laeken, Houba, Domaine Royal, Square, Bockstael, Palais d\u2019Outre-Ponts, Marie-Christine).<\/li>\n<li>Jeudi <strong>2 mai<\/strong>, de 19h \u00e0 21h : C<strong>entre-ville &#8211; Marolles \/ Stalingrad<\/strong> (Bourse- De Brouck\u00e8re, Grand-Place, Bon Secours \u2013 Saint-Jacques, Rouppe, Marolles, Stalingrad.<\/li>\n<li>Mardi 7 mai, de 19h \u00e0 21h : <strong>Zone de Haren<\/strong>.<\/li>\n<\/ul>\n<p>Jeudi <strong>27 juin<\/strong>, de 14h \u00e0 16h30 chez Bruxelles Participation (blvd <span class=\"LrzXr\">E. Jacqmain 17) : <\/span><strong>Atelier d&rsquo;\u00e9valuation<\/strong> de la nouvelle formule des &lsquo;Rencontres des quartiers&rsquo;.<\/p>\n\n\n<h2>Documents<\/h2>\n\n\n\n<p><a href=\"http:\/\/vilco.brussels\/wp-content\/uploads\/2020\/06\/CB_Experimentation8.pdf\">Carnet de bord<\/a> de l&rsquo;exp\u00e9rimentation et <a href=\"http:\/\/vilco.brussels\/?p=2879\">article de blog de Selam Mebrahtu <\/a>(Strategic Design Scenarios)<\/p>\n","protected":false},"excerpt":{"rendered":"<p>Dynamique locale : Ville de Bruxelles (Bruxelles Participation et 1000 BXL en Transition)Th\u00e9matique : Culture de la participation Probl\u00e9matique de d\u00e9part Avant de collaborer, il est utile que les pouvoirs publics et les initiatives citoyennes se rencontrent, fassent connaissance. Quel est le programme des uns ? Quels sont les besoins et aspirations des autres ? <a href=\"http:\/\/vilco.brussels\/?page_id=5874\" rel=\"nofollow\"><span class=\"sr-only\">Read more about Exp\u00e9rimentation 8 &#8211; Rencontre des quartiers \u00e0 la Ville de Bruxelles<\/span>[&hellip;]<\/a><\/p>\n","protected":false},"author":1,"featured_media":0,"parent":3563,"menu_order":0,"comment_status":"closed","ping_status":"closed","template":"","meta":[],"_links":{"self":[{"href":"http:\/\/vilco.brussels\/index.php?rest_route=\/wp\/v2\/pages\/5874"}],"collection":[{"href":"http:\/\/vilco.brussels\/index.php?rest_route=\/wp\/v2\/pages"}],"about":[{"href":"http:\/\/vilco.brussels\/index.php?rest_route=\/wp\/v2\/types\/page"}],"author":[{"embeddable":true,"href":"http:\/\/vilco.brussels\/index.php?rest_route=\/wp\/v2\/users\/1"}],"replies":[{"embeddable":true,"href":"http:\/\/vilco.brussels\/index.php?rest_route=%2Fwp%2Fv2%2Fcomments&post=5874"}],"version-history":[{"count":12,"href":"http:\/\/vilco.brussels\/index.php?rest_route=\/wp\/v2\/pages\/5874\/revisions"}],"predecessor-version":[{"id":10109,"href":"http:\/\/vilco.brussels\/index.php?rest_route=\/wp\/v2\/pages\/5874\/revisions\/10109"}],"up":[{"embeddable":true,"href":"http:\/\/vilco.brussels\/index.php?rest_route=\/wp\/v2\/pages\/3563"}],"wp:attachment":[{"href":"http:\/\/vilco.brussels\/index.php?rest_route=%2Fwp%2Fv2%2Fmedia&parent=5874"}],"curies":[{"name":"wp","href":"https:\/\/api.w.org\/{rel}","templated":true}]}}

Expérimentation 8 &#8211; Rencontre des quartiers à la Ville de Bruxelles

<p><img loading="lazy" class="size-full wp-image-5882 aligncenter" src="http://vilco.brussels/wp-content/uploads/2019/10/Exp8_Bxl.png" alt="" width="340" height="397" srcset="http://vilco.brussels/wp-content/uploads/2019/10/Exp8_Bxl.png 340w, http://vilco.brussels/wp-content/uploads/2019/10/Exp8_Bxl-128x150.png 128w, http://vilco.brussels/wp-content/uploads/2019/10/Exp8_Bxl-257x300.png 257w" sizes="(max-width: 340px) 100vw, 340px" /></p>
<p>Dynamique locale : <span style="color: #2d4664;"><strong>Ville de Bruxelles</strong></span> (Bruxelles Participation et 1000 BXL en Transition)<br />Thématique : <span style="color: #ed6429;"><strong>Culture de la participation</strong></span></p>
<h3>Problématique de départ</h3>
<p>Avant de collaborer, il est utile que les pouvoirs publics et les initiatives citoyennes se rencontrent, fassent connaissance. Quel est le programme des uns ? Quels sont les besoins et aspirations des autres ? Traditionnellement, les mandataires locaux organisent une &lsquo;tournée&rsquo; des quartiers pour aller à la rencontre des citoyens. C’est ce que le nouveau Collège des Bourgmestre et Échevins de la Ville de Bruxelles s’est engagé à faire avec pas moins de 9 rendez-vous de mars à mai 2019.</p>
<p>Toutefois, le format utilisé par le passé – les élus sur une estrade d’un côté et les citoyens assis dans la salle de l’autre – a montré ses limites. Loin d’encourager les échanges, ce face-à-face tournait trop souvent à la confrontation, les politiques se retrouvant en position défensive, de justification, et les citoyens, dans une posture critique, de plainte. Il arrivait de plus que les débats et l’assemblée entière soient monopolisés par des questions particulières, qui ne concernent qu’un seul des élus présents et qu’une poignée d’habitants hautement mobilisés.</p>
<p>En mars 2019, la ville de Bruxelles a décidé de co-construire avec VILCO un nouveau format pour ces ‘Rencontres des quartiers’ et de cibler davantage leurs objectifs : faire connaissance, écouter ce qui se vit dans les quartiers et échanger les idées des uns et des autres à propos des enjeux.</p>
<div id="mobilebgfix"> </div>
<h3>Objectif(s) de l’expérimentation</h3>
<p>Tester cette nouvelle forme de &lsquo;Rencontres des quartiers&rsquo; en vérifiant que :</p>
<ul>
<li>les ‘Rencontres citoyenne dans les quartiers’ <strong>atteignent bien leurs objectifs</strong> (faire connaissance, écouter, échanger les idées sur les enjeux du quartier) ;</li>
<li>ces rencontres constituent une <strong>base intéressante pour une collaboration future</strong> entre initiatives citoyennes et pouvoirs publics locaux.</li>
</ul>
<h3>Plus concrètement</h3>
<p>L’équipe VILCO assiste en tant qu&rsquo;observateur à la première rencontre (quartier Senne, le 19 mars) et co-construit avec Bruxelles Participation une nouvelle méthodologie dans le courant du mois d&rsquo;avril.</p>
<p>La méthodologie est présentée aux élus lors d’une séance de Collège des Bourgmestre et Échevins et l’équipe VILCO les accompagne de manière dégressive lors de trois &lsquo;Rencontres des quartiers&rsquo;.</p>
<p>Les Ville de Bruxelles (Échevin de la &lsquo;participation citoyenne&rsquo;, son cabinet et Bruxelles Participation) évalue avec l&rsquo;équipe VILCO cette nouvelle forme de rencontres, la méthodologie et les outils proposés en support.</p>
<h3>Où et quand ?</h3>
<ul>
<li>Mardi <strong>19 mars,</strong> de 19h à 21h : <strong>Senne</strong> (Alhambra, Porte du Rivage, Béguinage, Sainte-Catherine, Rempart des Moines, Fontainas, Anneessens).</li>
<li>Mercredi <strong>24 avril</strong>, de 19h à 21h : <strong>Laeken</strong> (Cités, Heysel, Mutsaard, Parc de Laeken, Houba, Domaine Royal, Square, Bockstael, Palais d’Outre-Ponts, Marie-Christine).</li>
<li>Jeudi <strong>2 mai</strong>, de 19h à 21h : C<strong>entre-ville &#8211; Marolles / Stalingrad</strong> (Bourse- De Brouckère, Grand-Place, Bon Secours – Saint-Jacques, Rouppe, Marolles, Stalingrad.</li>
<li>Mardi 7 mai, de 19h à 21h : <strong>Zone de Haren</strong>.</li>
</ul>
<p>Jeudi <strong>27 juin</strong>, de 14h à 16h30 chez Bruxelles Participation (blvd <span class="LrzXr">E. Jacqmain 17) : </span><strong>Atelier d&rsquo;évaluation</strong> de la nouvelle formule des &lsquo;Rencontres des quartiers&rsquo;.</p>


<h2>Documents</h2>



<p><a href="http://vilco.brussels/wp-content/uploads/2020/06/CB_Experimentation8.pdf">Carnet de bord</a> de l&rsquo;expérimentation et <a href="http://vilco.brussels/?p=2879">article de blog de Selam Mebrahtu </a>(Strategic Design Scenarios)</p>

<p>Dynamique locale : Ville de Bruxelles (Bruxelles Participation et 1000 BXL en Transition)Thématique : Culture de la participation Problématique de départ Avant de collaborer, il est utile que les pouvoirs publics et les initiatives citoyennes se rencontrent, fassent connaissance. Quel est le programme des uns ? Quels sont les besoins et aspirations des autres ? <a href="http://vilco.brussels/?page_id=5874" rel="nofollow"><span class="sr-only">Read more about Expérimentation 8 &#8211; Rencontre des quartiers à la Ville de Bruxelles</span>[&hellip;]</a></p>
